{"id":1000,"date":"2025-11-13T09:02:09","date_gmt":"2025-11-13T09:02:09","guid":{"rendered":"https:\/\/verlorene-generation.com\/kuenstler\/berg-else\/"},"modified":"2026-08-21T10:33:15","modified_gmt":"2026-08-21T08:33:15","slug":"berg-else","status":"publish","type":"kuenstler","link":"https:\/\/verlorene-generation.com\/en\/kuenstler\/berg-else\/","title":{"rendered":"Berg, Else"},"content":{"rendered":"<p>Else Berg wurde im Jahr 1877 in Ratibor, damals Schlesien, geboren. Sie kam zwischen 1885 und 1900 nach Berlin, wo sie an der Hochschule f\u00fcr bildende K\u00fcnste laut eigener Aussage unter anderem bei Arthur Kampf (1864\u20131950) studierte. Dort traf Berg 1908 auf ihren sp\u00e4teren Lebensgef\u00e4hrten, den niederl\u00e4ndischen Maler Samuel Leser Schwarz, genannt Mommie, den sie bereits seit ihrer Kindheit kannte. Gemeinsam mit ihm verbrachte Berg 1908\/09 einige Zeit in Paris. Da beide die franz\u00f6sische Sprache nicht beherrschten, schlossen sie sich dort anderen niederl\u00e4ndischen K\u00fcnstler:innen an, mit denen sie auch weiterhin in Kontakt blieben. Aus der Pariser Zeit ist nur wenig \u00fcberliefert. Zur Jahreswende 1909\/10 \u00fcbersiedelten sie nach Amsterdam. Dort beteiligte sich Berg an Ausstellungen, unter anderem im Kunstsalon Roos und im Stedelijk Museum. Mit Leo Gestel (1881\u20131941) und Schwarz reiste sie 1913 nach Mallorca und im Jahr 1914 \u00fcber das spanische Festland zur\u00fcck in die Niederlande. Bis 1921 wohnte und arbeitete Berg als freischaffende K\u00fcnstlerin in Amsterdam. Bei Aufenthalten im nahegelegenen Bergen und in Schoorl lernte sie Arnout Colnot (1887\u20131983) und Dirk Filarski (1885\u20131964) kennen. Um 1915 gr\u00fcndete sich um den franz\u00f6sischen Maler Henri Le Fauconnier (1881\u20131946) die \u201eBergener Schule\u201c, die die hektische Gro\u00dfstadtmotivik gegen Natur- und Landschaftsmalerei eintauschte. In den Jahren 1918 und 1919 hatte Berg ihre ersten Einzelausstellungen in der Galerie Walrecht in Den Haag. 1920 heiratete sie Mommie Schwarz. Die beiden reisten in den folgenden Jahren nach Italien, Frankreich, Belgien, ins ehemalige Jugoslawien sowie nach Limburg. Bei der Besetzung der Niederlande durch die Nationalsozialist:innen im Mai 1940 blieben sie zun\u00e4chst in Amsterdam. Sie erkannten den Ernst der Lage und versteckten ihre Bilder bei Freunden und Bekannten. Zwischen 1941 und 1942 tauchte das K\u00fcnstlerpaar in Baambrugge unter, kehrte aber aus unbekannten Gr\u00fcnden zur\u00fcck nach Amsterdam. Im November 1942 wurden sie verhaftet und \u00fcber das Durchgangslager Westerbork in das Konzentrationslager Auschwitz deportiert, wo sie ermordet wurden.<\/p>\n<p><strong>Weiterf\u00fchrende Informationen finden Sie in unserem Sammlungskatalog \u201eWir werden euch nicht Vergessen. Die Verlorene Generation. Ihre Kunst. Ihre Geschichten\u201c. Dieser ist\u00a0<\/strong><span style=\"color: #33cccc;\"><a id=\"menur4r4\" class=\"fui-Link ___1q1shib f2hkw1w f3rmtva f1ewtqcl fyind8e f1k6fduh f1w7gpdv fk6fouc fjoy568 figsok6 f1s184ao f1mk8lai fnbmjn9 f1o700av f13mvf36 f1cmlufx f9n3di6 f1ids18y f1tx3yz7 f1deo86v f1eh06m1 f1iescvh fhgqx19 f1olyrje f1p93eir f1nev41a f1h8hb77 f1lqvz6u f10aw75t fsle3fq f17ae5zn\" style=\"color: #33cccc;\" title=\"https:\/\/verlorene-generation.com\/produkt\/wir-werden-euch-nicht-vergessen-die-verlorene-generation-ihre-kunst-ihre-geschichten\/\" href=\"https:\/\/verlorene-generation.com\/en\/product\/wir-werden-euch-nicht-vergessen-die-verlorene-generation-ihre-kunst-ihre-geschichten\/\" target=\"_blank\" rel=\"noreferrer noopener\" aria-label=\"Link HIER\"><strong>HIER<\/strong><\/a><\/span><strong> erh\u00e4ltlich.<\/strong><\/p>","protected":false},"featured_media":0,"template":"","meta":{"_acf_changed":false,"slim_seo":{"title":"Berg, Else - Museum der verlorenen Generation","description":"Else Berg wurde im Jahr 1877 in Ratibor, damals Schlesien, geboren. Sie kam zwischen 1885 und 1900 nach Berlin, wo sie an der Hochschule f\u00fcr bildende K\u00fcnste lau"}},"categories":[96],"class_list":["post-1000","kuenstler","type-kuenstler","status-publish","hentry","category-kuenstler"],"acf":[],"_links":{"self":[{"href":"https:\/\/verlorene-generation.com\/en\/wp-json\/wp\/v2\/kuenstler\/1000","targetHints":{"allow":["GET"]}}],"collection":[{"href":"https:\/\/verlorene-generation.com\/en\/wp-json\/wp\/v2\/kuenstler"}],"about":[{"href":"https:\/\/verlorene-generation.com\/en\/wp-json\/wp\/v2\/types\/kuenstler"}],"wp:attachment":[{"href":"https:\/\/verlorene-generation.com\/en\/wp-json\/wp\/v2\/media?parent=1000"}],"wp:term":[{"taxonomy":"category","embeddable":true,"href":"https:\/\/verlorene-generation.com\/en\/wp-json\/wp\/v2\/categories?post=1000"}],"curies":[{"name":"wp","href":"https:\/\/api.w.org\/{rel}","templated":true}]}}

<p>Else Berg wurde im Jahr 1877 in Ratibor, damals Schlesien, geboren. Sie kam zwischen 1885 und 1900 nach Berlin, wo sie an der Hochschule für bildende Künste laut eigener Aussage unter anderem bei Arthur Kampf (1864–1950) studierte. Dort traf Berg 1908 auf ihren späteren Lebensgefährten, den niederländischen Maler Samuel Leser Schwarz, genannt Mommie, den sie bereits seit ihrer Kindheit kannte. Gemeinsam mit ihm verbrachte Berg 1908/09 einige Zeit in Paris. Da beide die französische Sprache nicht beherrschten, schlossen sie sich dort anderen niederländischen Künstler:innen an, mit denen sie auch weiterhin in Kontakt blieben. Aus der Pariser Zeit ist nur wenig überliefert. Zur Jahreswende 1909/10 übersiedelten sie nach Amsterdam. Dort beteiligte sich Berg an Ausstellungen, unter anderem im Kunstsalon Roos und im Stedelijk Museum. Mit Leo Gestel (1881–1941) und Schwarz reiste sie 1913 nach Mallorca und im Jahr 1914 über das spanische Festland zurück in die Niederlande. Bis 1921 wohnte und arbeitete Berg als freischaffende Künstlerin in Amsterdam. Bei Aufenthalten im nahegelegenen Bergen und in Schoorl lernte sie Arnout Colnot (1887–1983) und Dirk Filarski (1885–1964) kennen. Um 1915 gründete sich um den französischen Maler Henri Le Fauconnier (1881–1946) die „Bergener Schule“, die die hektische Großstadtmotivik gegen Natur- und Landschaftsmalerei eintauschte. In den Jahren 1918 und 1919 hatte Berg ihre ersten Einzelausstellungen in der Galerie Walrecht in Den Haag. 1920 heiratete sie Mommie Schwarz. Die beiden reisten in den folgenden Jahren nach Italien, Frankreich, Belgien, ins ehemalige Jugoslawien sowie nach Limburg. Bei der Besetzung der Niederlande durch die Nationalsozialist:innen im Mai 1940 blieben sie zunächst in Amsterdam. Sie erkannten den Ernst der Lage und versteckten ihre Bilder bei Freunden und Bekannten. Zwischen 1941 und 1942 tauchte das Künstlerpaar in Baambrugge unter, kehrte aber aus unbekannten Gründen zurück nach Amsterdam. Im November 1942 wurden sie verhaftet und über das Durchgangslager Westerbork in das Konzentrationslager Auschwitz deportiert, wo sie ermordet wurden.</p>
<p><strong>Weiterführende Informationen finden Sie in unserem Sammlungskatalog „Wir werden euch nicht Vergessen. Die Verlorene Generation. Ihre Kunst. Ihre Geschichten“. Dieser ist </strong><span style="color: #33cccc;"><a id="menur4r4" class="fui-Link ___1q1shib f2hkw1w f3rmtva f1ewtqcl fyind8e f1k6fduh f1w7gpdv fk6fouc fjoy568 figsok6 f1s184ao f1mk8lai fnbmjn9 f1o700av f13mvf36 f1cmlufx f9n3di6 f1ids18y f1tx3yz7 f1deo86v f1eh06m1 f1iescvh fhgqx19 f1olyrje f1p93eir f1nev41a f1h8hb77 f1lqvz6u f10aw75t fsle3fq f17ae5zn" style="color: #33cccc;" title="https://verlorene-generation.com/produkt/wir-werden-euch-nicht-vergessen-die-verlorene-generation-ihre-kunst-ihre-geschichten/" href="https://verlorene-generation.com/en/product/wir-werden-euch-nicht-vergessen-die-verlorene-generation-ihre-kunst-ihre-geschichten/" target="_blank" rel="noreferrer noopener" aria-label="Link HIER"><strong>HIER</strong></a></span><strong> erhältlich.</strong></p>

Else Berg wurde im Jahr 1877 in Ratibor, damals Schlesien, geboren. Sie kam zwischen 1885 und 1900 nach Berlin, wo sie an der Hochschule für bildende Künste lau
