{"id":1029,"date":"2025-11-13T09:10:20","date_gmt":"2025-11-13T09:10:20","guid":{"rendered":"https:\/\/verlorene-generation.com\/kuenstler\/degner-arthur\/"},"modified":"2026-08-19T17:25:50","modified_gmt":"2026-08-19T15:25:50","slug":"degner-arthur","status":"publish","type":"kuenstler","link":"https:\/\/verlorene-generation.com\/en\/kuenstler\/degner-arthur\/","title":{"rendered":"Degner, Arthur"},"content":{"rendered":"<p>Arthur Degner wurde als Sohn einer aus Salzburg emigrierten Familie in Gumbinnen im damaligen Ostpreu\u00dfen geboren. Die Familie \u00fcbersiedelte von dort nach Tilsit, wo er seine Kindheit verbrachte. Von 1906 bis 1908 studierte er an der Kunstakademie K\u00f6nigsberg bei <strong>Ludwig Dettman<\/strong> (1865\u20131944) und <strong>Otto Heichert<\/strong> (1868\u20131946), bevor er 1909 nach einem Studienaufenthalt in M\u00fcnchen nach Berlin zog. Auf Anregung des Kunsth\u00e4ndlers <strong>Paul Cassirer<\/strong> (1871\u20131926) reiste Degner 1910 nach Paris und stellte 1912 in Cassirers Berliner Galerie aus. Auch in Berlin fand er namhafte F\u00f6rderer in <strong>Max Liebermann<\/strong> (1847\u20131935) und <strong>Lovis Corinth<\/strong> (1858\u20131925). Als Degner Corinths Sch\u00fcler werden wollte, entgegnete dieser: \u201eUnterricht kann ich Ihnen nicht geben, was soll ich Ihnen noch zeigen, es ist ja schon alles da. Aber ich will gerne daf\u00fcr sorgen, dass Sie in der Sezession ausstellen k\u00f6nnen.\u201c Corinth hielt Wort, und so wurde Degner 1911 Mitglied der Berliner Secession und trat 1914 der abgespaltenen Gruppe der Freien Secession bei. Im Ersten Weltkrieg diente Degner als Sanit\u00e4ter. 1920 wurde er als Professor f\u00fcr Malerei an die Akademie in K\u00f6nigsberg berufen, wo er bis 1925 lehrte. Danach wechselte er an die Hochschule f\u00fcr Bildende K\u00fcnste in Berlin. Von 1931 bis 1933 war er Vorsitzender der Berliner Secession. Sein Werk umfasste neben Landschaften und Portr\u00e4ts auch zahlreiche Szenen aus der Literatur, etwa Illustrationen zu Don Quixote oder Faust sowie Theatermotive. Mehrfach widmete er sich der Figur des Pierrot, einer melancholischen Pantomime-Gestalt, die aus der italienischen Commedia dell'arte hervorgegangen ist und im 19. Jahrhundert durch <strong>Jean-Gaspard Deburau<\/strong> (1796\u20131846) in Frankreich weiterentwickelt wurde. Mit seiner wei\u00df geschminkten Haut, dem gro\u00dfen Kragen und der weit geschnittenen, meist wei\u00dfen Kleidung wurde der Pierrot in der klassischen Moderne zu einem beliebten Motiv, etwa bei <strong>Paul C\u00e9zanne<\/strong> (1839\u20131906) und <strong>Pablo Picasso<\/strong> (1881\u20131973). Insofern \u00fcberraschte es nicht, dass auch Degner, der sich von den Koryph\u00e4en seiner Zeit inspirieren lie\u00df, dieses Motiv malte. In den ersten Jahren des Nationalsozialismus konnte sich Degner als erfolgreicher K\u00fcnstler behaupten: 1936 erhielt er den renommierten Villa-Romana-Preis des Deutschen K\u00fcnstlerbundes, der ihm einen Studienaufenthalt in Florenz erm\u00f6glichte. Doch 1937 wendete sich das Blatt: Drei seiner Werke \u2013 ein Damenportr\u00e4t und zwei Landschaften \u2013 wurden bei der Aktion \u201eEntartete Kunst\u201c aus Museen und Sammlungen in K\u00f6nigsberg, Stettin und N\u00fcrnberg beschlagnahmt und vernichtet. 1939 wurde er aus der Reichskulturkammer ausgeschlossen. Trotzdem war er bis 1940 weiterhin in wichtigen Ausstellungen vertreten, darunter die Ostpreussenkunst 1939 des Kunstvereins K\u00f6nigsberg und Das Ereignisbild in der St\u00e4dtischen Kunstsammlung Duisburg 1940. Nachdem im November 1943 \u00fcber 300 seiner Arbeiten bei einem Bombenangriff zerst\u00f6rt wurden, \u00fcbersiedelte Degner nach Schlesien. 1944 musste er in Polen schwere Schanzarbeiten verrichten. Nach Kriegsende 1945 holte ihn <strong>Karl Hofer<\/strong> (1878\u20131955) erneut an die Hochschule f\u00fcr Bildende K\u00fcnste in Berlin, wo er bis zu seiner Emeritierung 1956 lehrte.<\/p>\n<p><span data-teams=\"true\"><strong>Weiterf\u00fchrende Informationen finden Sie in unserem Sammlungskatalog \u201eWir werden euch nicht Vergessen. Die Verlorene Generation. Ihre Kunst. Ihre Geschichten\u201c. Dieser ist\u00a0<\/strong><span style=\"color: #33cccc;\"><a id=\"menur67a\" class=\"fui-Link ___1q1shib f2hkw1w f3rmtva f1ewtqcl fyind8e f1k6fduh f1w7gpdv fk6fouc fjoy568 figsok6 f1s184ao f1mk8lai fnbmjn9 f1o700av f13mvf36 f1cmlufx f9n3di6 f1ids18y f1tx3yz7 f1deo86v f1eh06m1 f1iescvh fhgqx19 f1olyrje f1p93eir f1nev41a f1h8hb77 f1lqvz6u f10aw75t fsle3fq f17ae5zn\" style=\"color: #33cccc;\" title=\"https:\/\/verlorene-generation.com\/produkt\/wir-werden-euch-nicht-vergessen-die-verlorene-generation-ihre-kunst-ihre-geschichten\/\" href=\"https:\/\/verlorene-generation.com\/en\/product\/wir-werden-euch-nicht-vergessen-die-verlorene-generation-ihre-kunst-ihre-geschichten\/\" target=\"_blank\" rel=\"noreferrer noopener\" aria-label=\"Link HIER\"><strong>HIER<\/strong><\/a><\/span><strong> erh\u00e4ltlich.<\/strong><\/span><\/p>","protected":false},"featured_media":0,"template":"","meta":{"_acf_changed":false,"slim_seo":{"title":"Degner, Arthur - Museum der verlorenen Generation","description":"Arthur Degner wurde als Sohn einer aus Salzburg emigrierten Familie in Gumbinnen im damaligen Ostpreu\u00dfen geboren. Die Familie \u00fcbersiedelte von dort nach Tilsit,"}},"categories":[96],"class_list":["post-1029","kuenstler","type-kuenstler","status-publish","hentry","category-kuenstler"],"acf":[],"_links":{"self":[{"href":"https:\/\/verlorene-generation.com\/en\/wp-json\/wp\/v2\/kuenstler\/1029","targetHints":{"allow":["GET"]}}],"collection":[{"href":"https:\/\/verlorene-generation.com\/en\/wp-json\/wp\/v2\/kuenstler"}],"about":[{"href":"https:\/\/verlorene-generation.com\/en\/wp-json\/wp\/v2\/types\/kuenstler"}],"wp:attachment":[{"href":"https:\/\/verlorene-generation.com\/en\/wp-json\/wp\/v2\/media?parent=1029"}],"wp:term":[{"taxonomy":"category","embeddable":true,"href":"https:\/\/verlorene-generation.com\/en\/wp-json\/wp\/v2\/categories?post=1029"}],"curies":[{"name":"wp","href":"https:\/\/api.w.org\/{rel}","templated":true}]}}

<p>Arthur Degner wurde als Sohn einer aus Salzburg emigrierten Familie in Gumbinnen im damaligen Ostpreußen geboren. Die Familie übersiedelte von dort nach Tilsit, wo er seine Kindheit verbrachte. Von 1906 bis 1908 studierte er an der Kunstakademie Königsberg bei <strong>Ludwig Dettman</strong> (1865–1944) und <strong>Otto Heichert</strong> (1868–1946), bevor er 1909 nach einem Studienaufenthalt in München nach Berlin zog. Auf Anregung des Kunsthändlers <strong>Paul Cassirer</strong> (1871–1926) reiste Degner 1910 nach Paris und stellte 1912 in Cassirers Berliner Galerie aus. Auch in Berlin fand er namhafte Förderer in <strong>Max Liebermann</strong> (1847–1935) und <strong>Lovis Corinth</strong> (1858–1925). Als Degner Corinths Schüler werden wollte, entgegnete dieser: „Unterricht kann ich Ihnen nicht geben, was soll ich Ihnen noch zeigen, es ist ja schon alles da. Aber ich will gerne dafür sorgen, dass Sie in der Sezession ausstellen können.“ Corinth hielt Wort, und so wurde Degner 1911 Mitglied der Berliner Secession und trat 1914 der abgespaltenen Gruppe der Freien Secession bei. Im Ersten Weltkrieg diente Degner als Sanitäter. 1920 wurde er als Professor für Malerei an die Akademie in Königsberg berufen, wo er bis 1925 lehrte. Danach wechselte er an die Hochschule für Bildende Künste in Berlin. Von 1931 bis 1933 war er Vorsitzender der Berliner Secession. Sein Werk umfasste neben Landschaften und Porträts auch zahlreiche Szenen aus der Literatur, etwa Illustrationen zu Don Quixote oder Faust sowie Theatermotive. Mehrfach widmete er sich der Figur des Pierrot, einer melancholischen Pantomime-Gestalt, die aus der italienischen Commedia dell'arte hervorgegangen ist und im 19. Jahrhundert durch <strong>Jean-Gaspard Deburau</strong> (1796–1846) in Frankreich weiterentwickelt wurde. Mit seiner weiß geschminkten Haut, dem großen Kragen und der weit geschnittenen, meist weißen Kleidung wurde der Pierrot in der klassischen Moderne zu einem beliebten Motiv, etwa bei <strong>Paul Cézanne</strong> (1839–1906) und <strong>Pablo Picasso</strong> (1881–1973). Insofern überraschte es nicht, dass auch Degner, der sich von den Koryphäen seiner Zeit inspirieren ließ, dieses Motiv malte. In den ersten Jahren des Nationalsozialismus konnte sich Degner als erfolgreicher Künstler behaupten: 1936 erhielt er den renommierten Villa-Romana-Preis des Deutschen Künstlerbundes, der ihm einen Studienaufenthalt in Florenz ermöglichte. Doch 1937 wendete sich das Blatt: Drei seiner Werke – ein Damenporträt und zwei Landschaften – wurden bei der Aktion „Entartete Kunst“ aus Museen und Sammlungen in Königsberg, Stettin und Nürnberg beschlagnahmt und vernichtet. 1939 wurde er aus der Reichskulturkammer ausgeschlossen. Trotzdem war er bis 1940 weiterhin in wichtigen Ausstellungen vertreten, darunter die Ostpreussenkunst 1939 des Kunstvereins Königsberg und Das Ereignisbild in der Städtischen Kunstsammlung Duisburg 1940. Nachdem im November 1943 über 300 seiner Arbeiten bei einem Bombenangriff zerstört wurden, übersiedelte Degner nach Schlesien. 1944 musste er in Polen schwere Schanzarbeiten verrichten. Nach Kriegsende 1945 holte ihn <strong>Karl Hofer</strong> (1878–1955) erneut an die Hochschule für Bildende Künste in Berlin, wo er bis zu seiner Emeritierung 1956 lehrte.</p>
<p><span data-teams="true"><strong>Weiterführende Informationen finden Sie in unserem Sammlungskatalog „Wir werden euch nicht Vergessen. Die Verlorene Generation. Ihre Kunst. Ihre Geschichten“. Dieser ist </strong><span style="color: #33cccc;"><a id="menur67a" class="fui-Link ___1q1shib f2hkw1w f3rmtva f1ewtqcl fyind8e f1k6fduh f1w7gpdv fk6fouc fjoy568 figsok6 f1s184ao f1mk8lai fnbmjn9 f1o700av f13mvf36 f1cmlufx f9n3di6 f1ids18y f1tx3yz7 f1deo86v f1eh06m1 f1iescvh fhgqx19 f1olyrje f1p93eir f1nev41a f1h8hb77 f1lqvz6u f10aw75t fsle3fq f17ae5zn" style="color: #33cccc;" title="https://verlorene-generation.com/produkt/wir-werden-euch-nicht-vergessen-die-verlorene-generation-ihre-kunst-ihre-geschichten/" href="https://verlorene-generation.com/en/product/wir-werden-euch-nicht-vergessen-die-verlorene-generation-ihre-kunst-ihre-geschichten/" target="_blank" rel="noreferrer noopener" aria-label="Link HIER"><strong>HIER</strong></a></span><strong> erhältlich.</strong></span></p>

Arthur Degner wurde als Sohn einer aus Salzburg emigrierten Familie in Gumbinnen im damaligen Ostpreußen geboren. Die Familie übersiedelte von dort nach Tilsit,
