{"id":1040,"date":"2025-11-13T09:10:20","date_gmt":"2025-11-13T09:10:20","guid":{"rendered":"https:\/\/verlorene-generation.com\/kuenstler\/elsas-paul\/"},"modified":"2026-08-19T17:13:26","modified_gmt":"2026-08-19T15:13:26","slug":"elsas-paul","status":"publish","type":"kuenstler","link":"https:\/\/verlorene-generation.com\/en\/kuenstler\/elsas-paul\/","title":{"rendered":"Elsas, Paul"},"content":{"rendered":"<p>Im Jahr 1896 kam Paul Elsas als Sohn des Vizepr\u00e4sidenten des W\u00fcrttembergischen Landtages und Vorsitzenden der Deutschen Volkspartei (DVP) Hugo Elsas (1860\u20131920) zur Welt. Von 1912 bis 1919 besuchte er die Kunstgewerbeschule in Stuttgart bei <strong>Rudolf Rochga<\/strong> (1875\u20131957) und die Stuttgarter Akademie der Bildenden K\u00fcnste als Sch\u00fcler von <strong>Christian Speyer<\/strong> (1855\u20131929), <strong>Christian Landenberger<\/strong> (1862\u20131927) und <strong>Adolf H\u00f6lzel<\/strong> (1853\u20131934), sp\u00e4ter von <strong>Heinrich Altherr<\/strong> (1878\u20131947). Im Jahr 1919 \u00fcbersiedelte er nach M\u00fcnchen und nahm an der \u201eM\u00fcnchner Neuen Sezession\u201c teil. Um 1926\/27 folgte eine Reise nach Brindisi, Athen und Albanien. Mit Unterst\u00fctzung seines M\u00e4zens, des Industriellen und Kunstsammlers Alfred Wolf, \u00fcbersiedelte er 1928 nach Paris. Ab 1932 experimentierte er mit <strong>Pablo Picasso<\/strong> (1881\u20131973) an einem neuen Handdruckverfahren: Monotype Erwino. Parallel war er auch als B\u00fchnenbildner, Innenausstatter, Werbegrafiker und Lehrer an einer Malschule erfolgreich. Ab 1933 hatte er wegen seiner j\u00fcdischen Abstammung in Deutschland keine Ausstellungsm\u00f6glichkeit mehr und ging 1938\/39 nach Paris. Dort trat er der \u201eUnion des Artistes Allemands Libres\u201c bei, wo auch Eugen Spiro zu dieser Zeit Vorsitzender war und sich gegen die Kunstdiktatur im Deutschen Reich wandte. Elsas freundete sich mit <strong>Fernand L\u00e9ger<\/strong> (1881\u20131955) an. Im September 1939 wurde Elsas im Lager Chambaran in S\u00fcdfrankreich zusammen mit Willi M\u00fcnzenberg (1889\u20131940), Leopold Schwarzschild (1891\u20131950) und dem befreundeten Paul Westheim (1886\u20131963) interniert. Nach dem Einmarsch der deutschen Truppen 1940 wurde Elsas entlassen und tauchte in der Ard\u00e8che unter. Dort wurde er von den Dorfbewohnern in Le Cheylard ein Jahr versteckt. Im Jahr 1944 kehrte er nach Paris zur\u00fcck. Nach dem Krieg erhielt er die franz\u00f6sische Staatsb\u00fcrgerschaft.<\/p>\n<p><span data-teams=\"true\"><strong>Weiterf\u00fchrende Informationen finden Sie in unserem Sammlungskatalog \u201eWir werden euch nicht Vergessen. Die Verlorene Generation. Ihre Kunst. Ihre Geschichten\u201c. Dieser ist\u00a0<\/strong><span style=\"color: #33cccc;\"><a id=\"menur67a\" class=\"fui-Link ___1q1shib f2hkw1w f3rmtva f1ewtqcl fyind8e f1k6fduh f1w7gpdv fk6fouc fjoy568 figsok6 f1s184ao f1mk8lai fnbmjn9 f1o700av f13mvf36 f1cmlufx f9n3di6 f1ids18y f1tx3yz7 f1deo86v f1eh06m1 f1iescvh fhgqx19 f1olyrje f1p93eir f1nev41a f1h8hb77 f1lqvz6u f10aw75t fsle3fq f17ae5zn\" style=\"color: #33cccc;\" title=\"https:\/\/verlorene-generation.com\/produkt\/wir-werden-euch-nicht-vergessen-die-verlorene-generation-ihre-kunst-ihre-geschichten\/\" href=\"https:\/\/verlorene-generation.com\/en\/product\/wir-werden-euch-nicht-vergessen-die-verlorene-generation-ihre-kunst-ihre-geschichten\/\" target=\"_blank\" rel=\"noreferrer noopener\" aria-label=\"Link HIER\"><strong>HIER<\/strong><\/a><\/span><strong> erh\u00e4ltlich.<\/strong><\/span><\/p>","protected":false},"featured_media":0,"template":"","meta":{"_acf_changed":false,"slim_seo":{"title":"Elsas, Paul - Museum der verlorenen Generation","description":"Im Jahr 1896 kam Paul Elsas als Sohn des Vizepr\u00e4sidenten des W\u00fcrttembergischen Landtages und Vorsitzenden der Deutschen Volkspartei (DVP) Hugo Elsas (1860\u20131920)"}},"categories":[96],"class_list":["post-1040","kuenstler","type-kuenstler","status-publish","hentry","category-kuenstler"],"acf":[],"_links":{"self":[{"href":"https:\/\/verlorene-generation.com\/en\/wp-json\/wp\/v2\/kuenstler\/1040","targetHints":{"allow":["GET"]}}],"collection":[{"href":"https:\/\/verlorene-generation.com\/en\/wp-json\/wp\/v2\/kuenstler"}],"about":[{"href":"https:\/\/verlorene-generation.com\/en\/wp-json\/wp\/v2\/types\/kuenstler"}],"wp:attachment":[{"href":"https:\/\/verlorene-generation.com\/en\/wp-json\/wp\/v2\/media?parent=1040"}],"wp:term":[{"taxonomy":"category","embeddable":true,"href":"https:\/\/verlorene-generation.com\/en\/wp-json\/wp\/v2\/categories?post=1040"}],"curies":[{"name":"wp","href":"https:\/\/api.w.org\/{rel}","templated":true}]}}

<p>Im Jahr 1896 kam Paul Elsas als Sohn des Vizepräsidenten des Württembergischen Landtages und Vorsitzenden der Deutschen Volkspartei (DVP) Hugo Elsas (1860–1920) zur Welt. Von 1912 bis 1919 besuchte er die Kunstgewerbeschule in Stuttgart bei <strong>Rudolf Rochga</strong> (1875–1957) und die Stuttgarter Akademie der Bildenden Künste als Schüler von <strong>Christian Speyer</strong> (1855–1929), <strong>Christian Landenberger</strong> (1862–1927) und <strong>Adolf Hölzel</strong> (1853–1934), später von <strong>Heinrich Altherr</strong> (1878–1947). Im Jahr 1919 übersiedelte er nach München und nahm an der „Münchner Neuen Sezession“ teil. Um 1926/27 folgte eine Reise nach Brindisi, Athen und Albanien. Mit Unterstützung seines Mäzens, des Industriellen und Kunstsammlers Alfred Wolf, übersiedelte er 1928 nach Paris. Ab 1932 experimentierte er mit <strong>Pablo Picasso</strong> (1881–1973) an einem neuen Handdruckverfahren: Monotype Erwino. Parallel war er auch als Bühnenbildner, Innenausstatter, Werbegrafiker und Lehrer an einer Malschule erfolgreich. Ab 1933 hatte er wegen seiner jüdischen Abstammung in Deutschland keine Ausstellungsmöglichkeit mehr und ging 1938/39 nach Paris. Dort trat er der „Union des Artistes Allemands Libres“ bei, wo auch Eugen Spiro zu dieser Zeit Vorsitzender war und sich gegen die Kunstdiktatur im Deutschen Reich wandte. Elsas freundete sich mit <strong>Fernand Léger</strong> (1881–1955) an. Im September 1939 wurde Elsas im Lager Chambaran in Südfrankreich zusammen mit Willi Münzenberg (1889–1940), Leopold Schwarzschild (1891–1950) und dem befreundeten Paul Westheim (1886–1963) interniert. Nach dem Einmarsch der deutschen Truppen 1940 wurde Elsas entlassen und tauchte in der Ardèche unter. Dort wurde er von den Dorfbewohnern in Le Cheylard ein Jahr versteckt. Im Jahr 1944 kehrte er nach Paris zurück. Nach dem Krieg erhielt er die französische Staatsbürgerschaft.</p>
<p><span data-teams="true"><strong>Weiterführende Informationen finden Sie in unserem Sammlungskatalog „Wir werden euch nicht Vergessen. Die Verlorene Generation. Ihre Kunst. Ihre Geschichten“. Dieser ist </strong><span style="color: #33cccc;"><a id="menur67a" class="fui-Link ___1q1shib f2hkw1w f3rmtva f1ewtqcl fyind8e f1k6fduh f1w7gpdv fk6fouc fjoy568 figsok6 f1s184ao f1mk8lai fnbmjn9 f1o700av f13mvf36 f1cmlufx f9n3di6 f1ids18y f1tx3yz7 f1deo86v f1eh06m1 f1iescvh fhgqx19 f1olyrje f1p93eir f1nev41a f1h8hb77 f1lqvz6u f10aw75t fsle3fq f17ae5zn" style="color: #33cccc;" title="https://verlorene-generation.com/produkt/wir-werden-euch-nicht-vergessen-die-verlorene-generation-ihre-kunst-ihre-geschichten/" href="https://verlorene-generation.com/en/product/wir-werden-euch-nicht-vergessen-die-verlorene-generation-ihre-kunst-ihre-geschichten/" target="_blank" rel="noreferrer noopener" aria-label="Link HIER"><strong>HIER</strong></a></span><strong> erhältlich.</strong></span></p>

Im Jahr 1896 kam Paul Elsas als Sohn des Vizepräsidenten des Württembergischen Landtages und Vorsitzenden der Deutschen Volkspartei (DVP) Hugo Elsas (1860–1920)
