{"id":1060,"date":"2025-11-13T09:15:53","date_gmt":"2025-11-13T09:15:53","guid":{"rendered":"https:\/\/verlorene-generation.com\/kuenstler\/frank-franz\/"},"modified":"2026-08-19T16:32:37","modified_gmt":"2026-08-19T14:32:37","slug":"frank-franz","status":"publish","type":"kuenstler","link":"https:\/\/verlorene-generation.com\/en\/kuenstler\/frank-franz\/","title":{"rendered":"Frank, Franz"},"content":{"rendered":"<p>Franz Frank wurde 1897 in Kirchheim unter Teck geboren, als Sohn des Arztes Karl Frank und dessen Ehefrau Gertraud (geborene Krau\u00df). Nach dem Dienst im Ersten Weltkrieg studierte er zun\u00e4chst Philosophie, Philologie und Kunstgeschichte an der Universit\u00e4t in Erlangen. Im Jahr 1920 wechselte Frank zwischenzeitlich nach T\u00fcbingen, wo er auch Zeichenunterricht bei Heinrich Seufferheld (1866\u20131940) nahm. Frank schloss sein Studium mit der Dissertation \"Unbeachtete Entwicklungslinien in der Malerei des 19. Jahrhunderts\" in Erlangen ab. Zwischen 1921 und 1925 folgte ein Studium an der Kunstakademie in Stuttgart, zun\u00e4chst in der Zeichenklasse von <strong>Arnold Waldschmidt<\/strong> (1873\u20131958) und ab 1923 in der Malklasse von <strong>Robert Breyer<\/strong> (1866\u20131941). Frank hielt sich im Wintersemester 1922\/23 erneut in T\u00fcbingen auf, wo er anatomische Studien betrieb. Er schloss Freundschaften mit den Malern <strong>Hans F\u00e4hnle<\/strong> (1903\u20131968), <strong>Joseph Kneer<\/strong> (1900\u20131990), <strong>Wilhelm Geyer<\/strong> (1990\u20131968) und mit dem Dichter Eduard Reinacher (1892\u20131968). Im Jahr 1925 konnte Frank seine Bilder erstmals in der Stuttgarter Akademie ausstellen. 1927 folgte eine Ausstellung im \u201eDresdner Kunstverein\u201c. Im selben Jahr heiratete er die Lehrerin Erika M\u00fcnckner. Es entstanden Landschaften und Werke mit sozialkritischen Themen, darunter auch der lithografische Zyklus \"Das kommunistische Manifest\". Ab 1928 beteiligte er sich regelm\u00e4\u00dfig an den Ausstellungen der \u201eJuryfreien Kunstschau\u201c in Berlin. Die Berufung an die P\u00e4dagogische Akademie in Kassel 1931 konnte er nicht antreten, weil er erkrankte und die Akademie im April 1932 aus wirtschaftlichen Gr\u00fcnden schlie\u00dfen musste. Frank beteiligte sich 1932 an der Ausstellung der \u201eBerliner Sezession\u201c. Nach der Macht\u00fcbernahme 1933 wurde Frank in Berlin wegen seiner Weigerung, der Nationalsozialistischen Deutsche Arbeiterpartei\u00a0(NSDAP) beizutreten, nicht weiter als Dozent besch\u00e4ftigt. Daraufhin wurde seine Kunst aus der Ausstellung der \u201eStuttgarter Neuen Sezession\u201c entfernt. Im Jahr 1936 folgte eine Ausstellung in der Galerie Fritz Gurlitt in Berlin mit dem Bild \"Die Gei\u00dfelung\" (1935), das als Anklage gegen die nationalsozialistische Gewaltherrschaft verstanden wurde. Frank beteiligte sich an der Ausstellung \"Malerei und Plastik in Deutschland\" 1936 in Hamburg, die bereits nach wenigen Tagen wieder geschlossen wurde. Ebenso wurde Franks Einzelausstellung im Kunsthaus Fischinger in Stuttgart vorzeitig durch die Nationalsozialist:innen verhindert. Im September 1939 wurde Frank zum Kriegsdienst einberufen, wo er an der Ostfront schwer verwundet wurde. Nach seiner Entlassung 1945 konnte er zu seiner Familie nach Go\u00dffelden im hessischen Lahntal zur\u00fcckkehren, mit der Frank 1954 schlie\u00dflich nach Marburg an der Lahn \u00fcbersiedelte.<\/p>\n<p><span data-teams=\"true\"><strong>Weiterf\u00fchrende Informationen finden Sie in unserem Sammlungskatalog \u201eWir werden euch nicht Vergessen. Die Verlorene Generation. Ihre Kunst. Ihre Geschichten\u201c. Dieser ist\u00a0<\/strong><span style=\"color: #33cccc;\"><a id=\"menur67a\" class=\"fui-Link ___1q1shib f2hkw1w f3rmtva f1ewtqcl fyind8e f1k6fduh f1w7gpdv fk6fouc fjoy568 figsok6 f1s184ao f1mk8lai fnbmjn9 f1o700av f13mvf36 f1cmlufx f9n3di6 f1ids18y f1tx3yz7 f1deo86v f1eh06m1 f1iescvh fhgqx19 f1olyrje f1p93eir f1nev41a f1h8hb77 f1lqvz6u f10aw75t fsle3fq f17ae5zn\" style=\"color: #33cccc;\" title=\"https:\/\/verlorene-generation.com\/produkt\/wir-werden-euch-nicht-vergessen-die-verlorene-generation-ihre-kunst-ihre-geschichten\/\" href=\"https:\/\/verlorene-generation.com\/en\/product\/wir-werden-euch-nicht-vergessen-die-verlorene-generation-ihre-kunst-ihre-geschichten\/\" target=\"_blank\" rel=\"noreferrer noopener\" aria-label=\"Link HIER\"><strong>HIER<\/strong><\/a><\/span><strong> erh\u00e4ltlich.<\/strong><\/span><\/p>","protected":false},"featured_media":0,"template":"","meta":{"_acf_changed":false,"slim_seo":{"title":"Frank, Franz - Museum der verlorenen Generation","description":"Franz Frank wurde 1897 in Kirchheim unter Teck geboren, als Sohn des Arztes Karl Frank und dessen Ehefrau Gertraud (geborene Krau\u00df). Nach dem Dienst im Ersten W"}},"categories":[96],"class_list":["post-1060","kuenstler","type-kuenstler","status-publish","hentry","category-kuenstler"],"acf":[],"_links":{"self":[{"href":"https:\/\/verlorene-generation.com\/en\/wp-json\/wp\/v2\/kuenstler\/1060","targetHints":{"allow":["GET"]}}],"collection":[{"href":"https:\/\/verlorene-generation.com\/en\/wp-json\/wp\/v2\/kuenstler"}],"about":[{"href":"https:\/\/verlorene-generation.com\/en\/wp-json\/wp\/v2\/types\/kuenstler"}],"wp:attachment":[{"href":"https:\/\/verlorene-generation.com\/en\/wp-json\/wp\/v2\/media?parent=1060"}],"wp:term":[{"taxonomy":"category","embeddable":true,"href":"https:\/\/verlorene-generation.com\/en\/wp-json\/wp\/v2\/categories?post=1060"}],"curies":[{"name":"wp","href":"https:\/\/api.w.org\/{rel}","templated":true}]}}

<p>Franz Frank wurde 1897 in Kirchheim unter Teck geboren, als Sohn des Arztes Karl Frank und dessen Ehefrau Gertraud (geborene Krauß). Nach dem Dienst im Ersten Weltkrieg studierte er zunächst Philosophie, Philologie und Kunstgeschichte an der Universität in Erlangen. Im Jahr 1920 wechselte Frank zwischenzeitlich nach Tübingen, wo er auch Zeichenunterricht bei Heinrich Seufferheld (1866–1940) nahm. Frank schloss sein Studium mit der Dissertation "Unbeachtete Entwicklungslinien in der Malerei des 19. Jahrhunderts" in Erlangen ab. Zwischen 1921 und 1925 folgte ein Studium an der Kunstakademie in Stuttgart, zunächst in der Zeichenklasse von <strong>Arnold Waldschmidt</strong> (1873–1958) und ab 1923 in der Malklasse von <strong>Robert Breyer</strong> (1866–1941). Frank hielt sich im Wintersemester 1922/23 erneut in Tübingen auf, wo er anatomische Studien betrieb. Er schloss Freundschaften mit den Malern <strong>Hans Fähnle</strong> (1903–1968), <strong>Joseph Kneer</strong> (1900–1990), <strong>Wilhelm Geyer</strong> (1990–1968) und mit dem Dichter Eduard Reinacher (1892–1968). Im Jahr 1925 konnte Frank seine Bilder erstmals in der Stuttgarter Akademie ausstellen. 1927 folgte eine Ausstellung im „Dresdner Kunstverein“. Im selben Jahr heiratete er die Lehrerin Erika Münckner. Es entstanden Landschaften und Werke mit sozialkritischen Themen, darunter auch der lithografische Zyklus "Das kommunistische Manifest". Ab 1928 beteiligte er sich regelmäßig an den Ausstellungen der „Juryfreien Kunstschau“ in Berlin. Die Berufung an die Pädagogische Akademie in Kassel 1931 konnte er nicht antreten, weil er erkrankte und die Akademie im April 1932 aus wirtschaftlichen Gründen schließen musste. Frank beteiligte sich 1932 an der Ausstellung der „Berliner Sezession“. Nach der Machtübernahme 1933 wurde Frank in Berlin wegen seiner Weigerung, der Nationalsozialistischen Deutsche Arbeiterpartei (NSDAP) beizutreten, nicht weiter als Dozent beschäftigt. Daraufhin wurde seine Kunst aus der Ausstellung der „Stuttgarter Neuen Sezession“ entfernt. Im Jahr 1936 folgte eine Ausstellung in der Galerie Fritz Gurlitt in Berlin mit dem Bild "Die Geißelung" (1935), das als Anklage gegen die nationalsozialistische Gewaltherrschaft verstanden wurde. Frank beteiligte sich an der Ausstellung "Malerei und Plastik in Deutschland" 1936 in Hamburg, die bereits nach wenigen Tagen wieder geschlossen wurde. Ebenso wurde Franks Einzelausstellung im Kunsthaus Fischinger in Stuttgart vorzeitig durch die Nationalsozialist:innen verhindert. Im September 1939 wurde Frank zum Kriegsdienst einberufen, wo er an der Ostfront schwer verwundet wurde. Nach seiner Entlassung 1945 konnte er zu seiner Familie nach Goßfelden im hessischen Lahntal zurückkehren, mit der Frank 1954 schließlich nach Marburg an der Lahn übersiedelte.</p>
<p><span data-teams="true"><strong>Weiterführende Informationen finden Sie in unserem Sammlungskatalog „Wir werden euch nicht Vergessen. Die Verlorene Generation. Ihre Kunst. Ihre Geschichten“. Dieser ist </strong><span style="color: #33cccc;"><a id="menur67a" class="fui-Link ___1q1shib f2hkw1w f3rmtva f1ewtqcl fyind8e f1k6fduh f1w7gpdv fk6fouc fjoy568 figsok6 f1s184ao f1mk8lai fnbmjn9 f1o700av f13mvf36 f1cmlufx f9n3di6 f1ids18y f1tx3yz7 f1deo86v f1eh06m1 f1iescvh fhgqx19 f1olyrje f1p93eir f1nev41a f1h8hb77 f1lqvz6u f10aw75t fsle3fq f17ae5zn" style="color: #33cccc;" title="https://verlorene-generation.com/produkt/wir-werden-euch-nicht-vergessen-die-verlorene-generation-ihre-kunst-ihre-geschichten/" href="https://verlorene-generation.com/en/product/wir-werden-euch-nicht-vergessen-die-verlorene-generation-ihre-kunst-ihre-geschichten/" target="_blank" rel="noreferrer noopener" aria-label="Link HIER"><strong>HIER</strong></a></span><strong> erhältlich.</strong></span></p>

Franz Frank wurde 1897 in Kirchheim unter Teck geboren, als Sohn des Arztes Karl Frank und dessen Ehefrau Gertraud (geborene Krauß). Nach dem Dienst im Ersten W
