{"id":1070,"date":"2025-11-13T09:20:40","date_gmt":"2025-11-13T09:20:40","guid":{"rendered":"https:\/\/verlorene-generation.com\/kuenstler\/gazier-jean-paul\/"},"modified":"2026-01-23T13:39:07","modified_gmt":"2026-01-23T13:39:07","slug":"gazier-jean-paul","status":"publish","type":"kuenstler","link":"https:\/\/verlorene-generation.com\/en\/kuenstler\/gazier-jean-paul\/","title":{"rendered":"Gazier, Jean Paul"},"content":{"rendered":"<p>Der franz\u00f6sische K\u00fcnstler Jean Paul Gazier hinterlie\u00df nur wenige biografische Spuren; lediglich seine Zeit in Kriegsgefangenschaft, darunter im Salzburger Stalag XVIII C, ist gut dokumentiert. 1905 wurde er in der Gemeinde Orbec in der Normandie geboren, von dort ging er vermutlich in die Kunstmetropole Paris.<\/p>\n<p>Mit Ausbruch des Zweiten Weltkrieges trat Gazier in die Milit\u00e4rverwaltung ein. Als Teil der technischen und logistischen Artillerieunterst\u00fctzung war er 1940 am Milit\u00e4rstandort Co\u00ebtquidan in der Bretagne stationiert. Als Unteroffizier des \u201eBureau des Ordres et Administrations\u201c geriet er am 23. Juni 1940 in deutsche Gefangenschaft. Rund f\u00fcnf Monate sp\u00e4ter wurde er in das Front-Stalag 183 verlegt, ein Gefangenenlager der Wehrmacht im bretonischen Ort Hennebont. Am 18. Mai 1941 erreichte Gazier das Front-Stalag 135 in Quimper, bis er schlie\u00dflich in das Stalag XVIII C im \u201eMarkt Pongau\u201c (heute Sankt Johann im Pongau) nahe Salzburg gebracht wurde. Die Kriegsgefangenen in dem soeben errichteten Lager stammten mehrheitlich aus Frankreich sowie der Sowjetunion und leisteten Zwangsarbeit in Betrieben der Umgebung und in der Landwirtschaft. Bis Ende des Jahres stieg die Zahl der Inhaftierten auf 30.000, von denen etwa 4.000 umkamen.<\/p>\n<p>Am 16. August 1942 kam es zu einer spontanen Versammlung im Stalag XVIII C, wobei die franz\u00f6sischen Inhaftierten die franz\u00f6sische Nationalhymne Marseillaise anstimmten. Ob Gazier sich unter den 10.000 Inhaftierten befand, die am 11. Mai 1945 von den amerikanischen Truppen befreit wurden, und wo sein Weg danach hinf\u00fchrte, ist bis heute ungewiss.<\/p>\n<p>Weiterf\u00fchrende Informationen finden Sie in unserem Sammlungskatalog \u201eWir werden euch nicht Vergessen. Die Verlorene Generation. Ihre Kunst. Ihre Geschichten \u201c. Dieser ist\u00a0<span style=\"color: #33cccc;\"><a style=\"color: #33cccc;\" href=\"https:\/\/verlorene-generation.com\/en\/product\/wir-werden-euch-nicht-vergessen-die-verlorene-generation-ihre-kunst-ihre-geschichten\/\">hier\u00a0<\/a><\/span>erh\u00e4ltlich.<\/p>","protected":false},"featured_media":0,"template":"","meta":{"_acf_changed":false,"slim_seo":{"title":"Gazier, Jean Paul - Museum der verlorenen Generation","description":"Der franz\u00f6sische K\u00fcnstler Jean Paul Gazier hinterlie\u00df nur wenige biografische Spuren; lediglich seine Zeit in Kriegsgefangenschaft, darunter im Salzburger Stala"}},"categories":[96],"class_list":["post-1070","kuenstler","type-kuenstler","status-publish","hentry","category-kuenstler"],"acf":[],"_links":{"self":[{"href":"https:\/\/verlorene-generation.com\/en\/wp-json\/wp\/v2\/kuenstler\/1070","targetHints":{"allow":["GET"]}}],"collection":[{"href":"https:\/\/verlorene-generation.com\/en\/wp-json\/wp\/v2\/kuenstler"}],"about":[{"href":"https:\/\/verlorene-generation.com\/en\/wp-json\/wp\/v2\/types\/kuenstler"}],"wp:attachment":[{"href":"https:\/\/verlorene-generation.com\/en\/wp-json\/wp\/v2\/media?parent=1070"}],"wp:term":[{"taxonomy":"category","embeddable":true,"href":"https:\/\/verlorene-generation.com\/en\/wp-json\/wp\/v2\/categories?post=1070"}],"curies":[{"name":"wp","href":"https:\/\/api.w.org\/{rel}","templated":true}]}}

<p>Der französische Künstler Jean Paul Gazier hinterließ nur wenige biografische Spuren; lediglich seine Zeit in Kriegsgefangenschaft, darunter im Salzburger Stalag XVIII C, ist gut dokumentiert. 1905 wurde er in der Gemeinde Orbec in der Normandie geboren, von dort ging er vermutlich in die Kunstmetropole Paris.</p>
<p>Mit Ausbruch des Zweiten Weltkrieges trat Gazier in die Militärverwaltung ein. Als Teil der technischen und logistischen Artillerieunterstützung war er 1940 am Militärstandort Coëtquidan in der Bretagne stationiert. Als Unteroffizier des „Bureau des Ordres et Administrations“ geriet er am 23. Juni 1940 in deutsche Gefangenschaft. Rund fünf Monate später wurde er in das Front-Stalag 183 verlegt, ein Gefangenenlager der Wehrmacht im bretonischen Ort Hennebont. Am 18. Mai 1941 erreichte Gazier das Front-Stalag 135 in Quimper, bis er schließlich in das Stalag XVIII C im „Markt Pongau“ (heute Sankt Johann im Pongau) nahe Salzburg gebracht wurde. Die Kriegsgefangenen in dem soeben errichteten Lager stammten mehrheitlich aus Frankreich sowie der Sowjetunion und leisteten Zwangsarbeit in Betrieben der Umgebung und in der Landwirtschaft. Bis Ende des Jahres stieg die Zahl der Inhaftierten auf 30.000, von denen etwa 4.000 umkamen.</p>
<p>Am 16. August 1942 kam es zu einer spontanen Versammlung im Stalag XVIII C, wobei die französischen Inhaftierten die französische Nationalhymne Marseillaise anstimmten. Ob Gazier sich unter den 10.000 Inhaftierten befand, die am 11. Mai 1945 von den amerikanischen Truppen befreit wurden, und wo sein Weg danach hinführte, ist bis heute ungewiss.</p>
<p>Weiterführende Informationen finden Sie in unserem Sammlungskatalog „Wir werden euch nicht Vergessen. Die Verlorene Generation. Ihre Kunst. Ihre Geschichten “. Dieser ist <span style="color: #33cccc;"><a style="color: #33cccc;" href="https://verlorene-generation.com/en/product/wir-werden-euch-nicht-vergessen-die-verlorene-generation-ihre-kunst-ihre-geschichten/">hier </a></span>erhältlich.</p>

Der französische Künstler Jean Paul Gazier hinterließ nur wenige biografische Spuren; lediglich seine Zeit in Kriegsgefangenschaft, darunter im Salzburger Stala
