{"id":1077,"date":"2025-11-13T09:20:40","date_gmt":"2025-11-13T09:20:40","guid":{"rendered":"https:\/\/verlorene-generation.com\/kuenstler\/gobiet-bernhard\/"},"modified":"2026-08-19T15:50:47","modified_gmt":"2026-08-19T13:50:47","slug":"gobiet-bernhard","status":"publish","type":"kuenstler","link":"https:\/\/verlorene-generation.com\/en\/kuenstler\/gobiet-bernhard\/","title":{"rendered":"Gobiet, Bernhard"},"content":{"rendered":"<p>Bernhard Gobiet wurde am 18. November 1892 in D\u00fcsseldorf geboren. Nach dem Gymnasium studierte er ab 1911 an der D\u00fcsseldorfer Kunstakademie, wurde jedoch 1914 zum Kriegsdienst eingezogen. Auf der Balkanhalbinsel stationiert, kam er nach Konstantinopel, Kleinasien und Pal\u00e4stina. Die Werke aus dieser Zeit sind meist Skizzen und Aquarelle, die landschaftliche und fig\u00fcrliche Motive zeigen. Nach dem Krieg kehrte er nach D\u00fcsseldorf an die Kunstakademie zur\u00fcck und wurde Meistersch\u00fcler bei August Deusser. Im Jahr 1920 gewann Gobiet den Gro\u00dfen Staatspreis. Es folgten zahlreiche Reisen nach Italien, Flandern, Dalmatien, Ungarn, in die Schweiz, S\u00fcdfrankreich, Spanien, Nordafrika und Pal\u00e4stina. Ab 1919 war er Mitglied des K\u00fcnstlervereins \u201eMalkasten\u201c und wirkte sp\u00e4ter auch als dessen Vorsitzender. Zwischen 1920 und 1926 stellte er seine Werke mehrmals auf der D\u00fcsseldorfer Gro\u00dfen Kunstausstellung aus. In den Jahren 1927 und 1928 beteiligte er sich an den Ausstellungen des \u201eJungen Rheinlands\u201c und 1929 an der Jubil\u00e4umsausstellung der \u201eRheinischen Sezession\u201c. Er schloss Bekanntschaft mit Otto Dix, den er in Hemmenhofen am Bodensee besuchte. Im Jahr 1937 wurden einige Werke Gobiets als \u201eentartete\u201c Kunst konfisziert. Trotzdem war er im selben Jahr auf der D\u00fcsseldorfer \u201eGro\u00dfen Kunstausstellung\u201c vertreten. Im Jahr 1940 wurde ihm eine Einzelausstellung in der D\u00fcsseldorfer Kunsthalle gewidmet. Noch im letzten Kriegsjahr wurde er zum Milit\u00e4rdienst einberufen und gefangen genommen. Nach seiner Entlassung starb Gobiet kurze Zeit sp\u00e4ter am 20. Juni 1945.<\/p>\n<p><span data-teams=\"true\"><strong>Weiterf\u00fchrende Informationen finden Sie in unserem Sammlungskatalog \u201eWir werden euch nicht Vergessen. Die Verlorene Generation. Ihre Kunst. Ihre Geschichten\u201c. Dieser ist\u00a0<\/strong><span style=\"color: #33cccc;\"><a id=\"menur67a\" class=\"fui-Link ___1q1shib f2hkw1w f3rmtva f1ewtqcl fyind8e f1k6fduh f1w7gpdv fk6fouc fjoy568 figsok6 f1s184ao f1mk8lai fnbmjn9 f1o700av f13mvf36 f1cmlufx f9n3di6 f1ids18y f1tx3yz7 f1deo86v f1eh06m1 f1iescvh fhgqx19 f1olyrje f1p93eir f1nev41a f1h8hb77 f1lqvz6u f10aw75t fsle3fq f17ae5zn\" style=\"color: #33cccc;\" title=\"https:\/\/verlorene-generation.com\/produkt\/wir-werden-euch-nicht-vergessen-die-verlorene-generation-ihre-kunst-ihre-geschichten\/\" href=\"https:\/\/verlorene-generation.com\/en\/product\/wir-werden-euch-nicht-vergessen-die-verlorene-generation-ihre-kunst-ihre-geschichten\/\" target=\"_blank\" rel=\"noreferrer noopener\" aria-label=\"Link HIER\"><strong>HIER<\/strong><\/a><\/span><strong> erh\u00e4ltlich.<\/strong><\/span><\/p>","protected":false},"featured_media":0,"template":"","meta":{"_acf_changed":false,"slim_seo":{"title":"Gobiet, Bernhard - Museum der verlorenen Generation","description":"Bernhard Gobiet wurde am 18. November 1892 in D\u00fcsseldorf geboren. Nach dem Gymnasium studierte er ab 1911 an der D\u00fcsseldorfer Kunstakademie, wurde jedoch 1914 z"}},"categories":[96],"class_list":["post-1077","kuenstler","type-kuenstler","status-publish","hentry","category-kuenstler"],"acf":[],"_links":{"self":[{"href":"https:\/\/verlorene-generation.com\/en\/wp-json\/wp\/v2\/kuenstler\/1077","targetHints":{"allow":["GET"]}}],"collection":[{"href":"https:\/\/verlorene-generation.com\/en\/wp-json\/wp\/v2\/kuenstler"}],"about":[{"href":"https:\/\/verlorene-generation.com\/en\/wp-json\/wp\/v2\/types\/kuenstler"}],"wp:attachment":[{"href":"https:\/\/verlorene-generation.com\/en\/wp-json\/wp\/v2\/media?parent=1077"}],"wp:term":[{"taxonomy":"category","embeddable":true,"href":"https:\/\/verlorene-generation.com\/en\/wp-json\/wp\/v2\/categories?post=1077"}],"curies":[{"name":"wp","href":"https:\/\/api.w.org\/{rel}","templated":true}]}}

<p>Bernhard Gobiet wurde am 18. November 1892 in Düsseldorf geboren. Nach dem Gymnasium studierte er ab 1911 an der Düsseldorfer Kunstakademie, wurde jedoch 1914 zum Kriegsdienst eingezogen. Auf der Balkanhalbinsel stationiert, kam er nach Konstantinopel, Kleinasien und Palästina. Die Werke aus dieser Zeit sind meist Skizzen und Aquarelle, die landschaftliche und figürliche Motive zeigen. Nach dem Krieg kehrte er nach Düsseldorf an die Kunstakademie zurück und wurde Meisterschüler bei August Deusser. Im Jahr 1920 gewann Gobiet den Großen Staatspreis. Es folgten zahlreiche Reisen nach Italien, Flandern, Dalmatien, Ungarn, in die Schweiz, Südfrankreich, Spanien, Nordafrika und Palästina. Ab 1919 war er Mitglied des Künstlervereins „Malkasten“ und wirkte später auch als dessen Vorsitzender. Zwischen 1920 und 1926 stellte er seine Werke mehrmals auf der Düsseldorfer Großen Kunstausstellung aus. In den Jahren 1927 und 1928 beteiligte er sich an den Ausstellungen des „Jungen Rheinlands“ und 1929 an der Jubiläumsausstellung der „Rheinischen Sezession“. Er schloss Bekanntschaft mit Otto Dix, den er in Hemmenhofen am Bodensee besuchte. Im Jahr 1937 wurden einige Werke Gobiets als „entartete“ Kunst konfisziert. Trotzdem war er im selben Jahr auf der Düsseldorfer „Großen Kunstausstellung“ vertreten. Im Jahr 1940 wurde ihm eine Einzelausstellung in der Düsseldorfer Kunsthalle gewidmet. Noch im letzten Kriegsjahr wurde er zum Militärdienst einberufen und gefangen genommen. Nach seiner Entlassung starb Gobiet kurze Zeit später am 20. Juni 1945.</p>
<p><span data-teams="true"><strong>Weiterführende Informationen finden Sie in unserem Sammlungskatalog „Wir werden euch nicht Vergessen. Die Verlorene Generation. Ihre Kunst. Ihre Geschichten“. Dieser ist </strong><span style="color: #33cccc;"><a id="menur67a" class="fui-Link ___1q1shib f2hkw1w f3rmtva f1ewtqcl fyind8e f1k6fduh f1w7gpdv fk6fouc fjoy568 figsok6 f1s184ao f1mk8lai fnbmjn9 f1o700av f13mvf36 f1cmlufx f9n3di6 f1ids18y f1tx3yz7 f1deo86v f1eh06m1 f1iescvh fhgqx19 f1olyrje f1p93eir f1nev41a f1h8hb77 f1lqvz6u f10aw75t fsle3fq f17ae5zn" style="color: #33cccc;" title="https://verlorene-generation.com/produkt/wir-werden-euch-nicht-vergessen-die-verlorene-generation-ihre-kunst-ihre-geschichten/" href="https://verlorene-generation.com/en/product/wir-werden-euch-nicht-vergessen-die-verlorene-generation-ihre-kunst-ihre-geschichten/" target="_blank" rel="noreferrer noopener" aria-label="Link HIER"><strong>HIER</strong></a></span><strong> erhältlich.</strong></span></p>

Bernhard Gobiet wurde am 18. November 1892 in Düsseldorf geboren. Nach dem Gymnasium studierte er ab 1911 an der Düsseldorfer Kunstakademie, wurde jedoch 1914 z
