{"id":1079,"date":"2025-11-13T09:20:40","date_gmt":"2025-11-13T09:20:40","guid":{"rendered":"https:\/\/verlorene-generation.com\/kuenstler\/goral-arie\/"},"modified":"2026-08-19T15:47:43","modified_gmt":"2026-08-19T13:47:43","slug":"goral-arie","status":"publish","type":"kuenstler","link":"https:\/\/verlorene-generation.com\/en\/kuenstler\/goral-arie\/","title":{"rendered":"Goral, Arie"},"content":{"rendered":"<p>Der Maler, Schriftsteller und Publizist \u201eWalter Sternheim\u201c (sp\u00e4ter Arie Goral) bewies als K\u00fcnstler seine Flexibilit\u00e4t, sowohl beruflich als auch k\u00fcnstlerisch. Goral engagierte sich seit seiner Jugend in zionistischen Organisationen, indem er jungen Menschen handwerkliche und landwirtschaftliche Kenntnisse vermittelte. F\u00e4higkeiten, die ihnen die Auswanderung erleichtern sollten. Auch Goral floh vor den Nationalsozialist:innen 1933 nach S\u00fcdfrankreich und emigrierte mit seiner Ehefrau, der Malerin Anna Szmajewicz, im Dezember 1934 nach Pal\u00e4stina. Dort bewohnte die Familie, die inzwischen durch ihren ersten Sohn Zuwachs erhalten hatte, eine H\u00fctte. Nach dem fr\u00fchen Tod des gemeinsamen Sohnes zerbrach die Ehe. Der K\u00fcnstler zog nach Jerusalem und entdeckte neue berufliche Seiten an sich: Als Bauarbeiter, Bademeister und Lyriker. Nach dem Ende des ersten Israelisch-Arabischen Krieges rief die Kunst Goral erneut: Er begann 1950 ein Studium an der Akademie der Bildenden K\u00fcnste in Florenz und erhielt drei Jahre darauf eine Einladung des deutschen Autors Erich K\u00e4stner nach M\u00fcnchen. Zum ersten Mal seit seiner Flucht kam er nun, mit Bildern israelischer Kinder im Gep\u00e4ck, nach Deutschland und stellte diese in einer Ausstellung aus. In Hamburg gab Goral Kunstunterricht f\u00fcr Kinder und Jugendliche und experimentierte dabei als \u201efreier Maler\u201c, vermutlich im p\u00e4dagogischen Sinn mit unterschiedlichen Materialien und Ausdrucksformen. Als Kunsterzieher am sozialp\u00e4dagogischen Institut der dortigen Universit\u00e4t lernte er 1955 seine zweite Ehefrau Eva Peters kennen und blieb in Hamburg.<\/p>\n<p><strong>Weiterf\u00fchrende Informationen finden Sie in unserem Sammlungskatalog \u201eWir werden euch nicht Vergessen. Die Verlorene Generation. Ihre Kunst. Ihre Geschichten\u201c. Dieser ist\u00a0<\/strong><span style=\"color: #33cccc;\"><a id=\"menur67a\" class=\"fui-Link ___1q1shib f2hkw1w f3rmtva f1ewtqcl fyind8e f1k6fduh f1w7gpdv fk6fouc fjoy568 figsok6 f1s184ao f1mk8lai fnbmjn9 f1o700av f13mvf36 f1cmlufx f9n3di6 f1ids18y f1tx3yz7 f1deo86v f1eh06m1 f1iescvh fhgqx19 f1olyrje f1p93eir f1nev41a f1h8hb77 f1lqvz6u f10aw75t fsle3fq f17ae5zn\" style=\"color: #33cccc;\" title=\"https:\/\/verlorene-generation.com\/produkt\/wir-werden-euch-nicht-vergessen-die-verlorene-generation-ihre-kunst-ihre-geschichten\/\" href=\"https:\/\/verlorene-generation.com\/en\/product\/wir-werden-euch-nicht-vergessen-die-verlorene-generation-ihre-kunst-ihre-geschichten\/\" target=\"_blank\" rel=\"noreferrer noopener\" aria-label=\"Link HIER\"><strong>HIER<\/strong><\/a><\/span><strong> erh\u00e4ltlich.<\/strong><\/p>","protected":false},"featured_media":0,"template":"","meta":{"_acf_changed":false,"slim_seo":{"title":"Goral, Arie - Museum der verlorenen Generation","description":"Der Maler, Schriftsteller und Publizist \u201eWalter Sternheim\u201c (sp\u00e4ter Arie Goral) bewies als K\u00fcnstler seine Flexibilit\u00e4t, sowohl beruflich als auch k\u00fcnstlerisch. G"}},"categories":[96],"class_list":["post-1079","kuenstler","type-kuenstler","status-publish","hentry","category-kuenstler"],"acf":[],"_links":{"self":[{"href":"https:\/\/verlorene-generation.com\/en\/wp-json\/wp\/v2\/kuenstler\/1079","targetHints":{"allow":["GET"]}}],"collection":[{"href":"https:\/\/verlorene-generation.com\/en\/wp-json\/wp\/v2\/kuenstler"}],"about":[{"href":"https:\/\/verlorene-generation.com\/en\/wp-json\/wp\/v2\/types\/kuenstler"}],"wp:attachment":[{"href":"https:\/\/verlorene-generation.com\/en\/wp-json\/wp\/v2\/media?parent=1079"}],"wp:term":[{"taxonomy":"category","embeddable":true,"href":"https:\/\/verlorene-generation.com\/en\/wp-json\/wp\/v2\/categories?post=1079"}],"curies":[{"name":"wp","href":"https:\/\/api.w.org\/{rel}","templated":true}]}}

<p>Der Maler, Schriftsteller und Publizist „Walter Sternheim“ (später Arie Goral) bewies als Künstler seine Flexibilität, sowohl beruflich als auch künstlerisch. Goral engagierte sich seit seiner Jugend in zionistischen Organisationen, indem er jungen Menschen handwerkliche und landwirtschaftliche Kenntnisse vermittelte. Fähigkeiten, die ihnen die Auswanderung erleichtern sollten. Auch Goral floh vor den Nationalsozialist:innen 1933 nach Südfrankreich und emigrierte mit seiner Ehefrau, der Malerin Anna Szmajewicz, im Dezember 1934 nach Palästina. Dort bewohnte die Familie, die inzwischen durch ihren ersten Sohn Zuwachs erhalten hatte, eine Hütte. Nach dem frühen Tod des gemeinsamen Sohnes zerbrach die Ehe. Der Künstler zog nach Jerusalem und entdeckte neue berufliche Seiten an sich: Als Bauarbeiter, Bademeister und Lyriker. Nach dem Ende des ersten Israelisch-Arabischen Krieges rief die Kunst Goral erneut: Er begann 1950 ein Studium an der Akademie der Bildenden Künste in Florenz und erhielt drei Jahre darauf eine Einladung des deutschen Autors Erich Kästner nach München. Zum ersten Mal seit seiner Flucht kam er nun, mit Bildern israelischer Kinder im Gepäck, nach Deutschland und stellte diese in einer Ausstellung aus. In Hamburg gab Goral Kunstunterricht für Kinder und Jugendliche und experimentierte dabei als „freier Maler“, vermutlich im pädagogischen Sinn mit unterschiedlichen Materialien und Ausdrucksformen. Als Kunsterzieher am sozialpädagogischen Institut der dortigen Universität lernte er 1955 seine zweite Ehefrau Eva Peters kennen und blieb in Hamburg.</p>
<p><strong>Weiterführende Informationen finden Sie in unserem Sammlungskatalog „Wir werden euch nicht Vergessen. Die Verlorene Generation. Ihre Kunst. Ihre Geschichten“. Dieser ist </strong><span style="color: #33cccc;"><a id="menur67a" class="fui-Link ___1q1shib f2hkw1w f3rmtva f1ewtqcl fyind8e f1k6fduh f1w7gpdv fk6fouc fjoy568 figsok6 f1s184ao f1mk8lai fnbmjn9 f1o700av f13mvf36 f1cmlufx f9n3di6 f1ids18y f1tx3yz7 f1deo86v f1eh06m1 f1iescvh fhgqx19 f1olyrje f1p93eir f1nev41a f1h8hb77 f1lqvz6u f10aw75t fsle3fq f17ae5zn" style="color: #33cccc;" title="https://verlorene-generation.com/produkt/wir-werden-euch-nicht-vergessen-die-verlorene-generation-ihre-kunst-ihre-geschichten/" href="https://verlorene-generation.com/en/product/wir-werden-euch-nicht-vergessen-die-verlorene-generation-ihre-kunst-ihre-geschichten/" target="_blank" rel="noreferrer noopener" aria-label="Link HIER"><strong>HIER</strong></a></span><strong> erhältlich.</strong></p>

Der Maler, Schriftsteller und Publizist „Walter Sternheim“ (später Arie Goral) bewies als Künstler seine Flexibilität, sowohl beruflich als auch künstlerisch. G
