{"id":1094,"date":"2025-11-13T09:24:27","date_gmt":"2025-11-13T09:24:27","guid":{"rendered":"https:\/\/verlorene-generation.com\/kuenstler\/halkett-rene\/"},"modified":"2026-08-19T14:59:24","modified_gmt":"2026-08-19T12:59:24","slug":"halkett-rene","status":"publish","type":"kuenstler","link":"https:\/\/verlorene-generation.com\/en\/kuenstler\/halkett-rene\/","title":{"rendered":"Halkett, Ren\u00e9"},"content":{"rendered":"<p class=\"cvGsUA block-font-kerning-none block-font-feature-liga-off block-font-feature-clig-off block-font-feature-calt-off direction-ltr align-justify para-style-body\"><span class=\"a_GcMg font-feature-liga-off font-feature-clig-off font-feature-calt-off text-decoration-none text-strikethrough-none\">Zur Jahrhundertwende wurde Ren\u00e9 Halkett als Albrecht Georg Freiherr von Fritsch in Weimar geboren. Er erhielt eine Offiziersausbildung und hatte im Zuge des Ersten Weltkrieges einen kurzen Fronteinsatz in Flandern. Anschlie\u00dfend begann er seine k\u00fcnstlerische Ausbildung: Durch eine Empfehlung des K\u00fcnstlers <strong>Lyonel Feininger<\/strong> kam er an das Staatliche Bauhaus in Weimar, wo er unter anderem bei <strong>Paul Klee<\/strong>,<strong> L\u00e1szl\u00f3 Moholy-Nagy<\/strong> sowie <strong>Oskar Schlemmer<\/strong> studierte. Eine enge Freundschaft verband ihn mit dem K\u00fcnstler <\/span><a href=\"https:\/\/verlorene-generation.com\/en\/kuenstler\/heckroth-hein\/\"><strong><span class=\"a_GcMg font-feature-liga-off font-feature-clig-off font-feature-calt-off text-decoration-none text-strikethrough-none\" style=\"color: #33cccc;\">Hein Heckroth<\/span><\/strong><\/a><span class=\"a_GcMg font-feature-liga-off font-feature-clig-off font-feature-calt-off text-decoration-none text-strikethrough-none\">, der ebenfalls Teil der Sammlung B\u00f6hme ist. <\/span><span class=\"a_GcMg font-feature-liga-off font-feature-clig-off font-feature-calt-off text-decoration-none text-strikethrough-none\">Nach dem Reichstagsbrand 1933 reiste Halkett nach Ibiza, kehrte jedoch bereits 1934 zur\u00fcck. Er emigriert 1936 nach Gro\u00dfbritannien und blieb in Kontakt mit Heckroth. Unter der Leitung des Journalisten Sefton Tom Delmer arbeitete er gemeinsam mit anderen Emigranten im Rahmen der \u201cblack propaganda\u201d. Informationen und Propagandamaterial wurden gezielt unter falscher oder verschleierter Urheberschaft verbreitet, um die Bev\u00f6lkerung und die Moral des Gegners zu beeinflussen. Halkett verfasste zudem f\u00fcr die BBC politische Nachrichten zur Ausstrahlung nach Deutschland. Von 1946 bis 1949 war er im Auftrag des US-amerikanischen Hochkommissariats in Deutschland als \u00dcbersetzer am Internationalen Milit\u00e4rgerichtshof in N\u00fcrnberg t\u00e4tig. Dieser verurteile im Hauptprozess und den Nachfolgeprozessen Kriegsverbrecher:innen des Nationalsozialismus.<\/span><\/p>\n<p><strong>Weiterf\u00fchrende Informationen finden Sie in unserem Sammlungskatalog \u201eWir werden euch nicht Vergessen. Die Verlorene Generation. Ihre Kunst. Ihre Geschichten\u201c. Dieser ist\u00a0<\/strong><span style=\"color: #33cccc;\"><a id=\"menur67a\" class=\"fui-Link ___1q1shib f2hkw1w f3rmtva f1ewtqcl fyind8e f1k6fduh f1w7gpdv fk6fouc fjoy568 figsok6 f1s184ao f1mk8lai fnbmjn9 f1o700av f13mvf36 f1cmlufx f9n3di6 f1ids18y f1tx3yz7 f1deo86v f1eh06m1 f1iescvh fhgqx19 f1olyrje f1p93eir f1nev41a f1h8hb77 f1lqvz6u f10aw75t fsle3fq f17ae5zn\" style=\"color: #33cccc;\" title=\"https:\/\/verlorene-generation.com\/produkt\/wir-werden-euch-nicht-vergessen-die-verlorene-generation-ihre-kunst-ihre-geschichten\/\" href=\"https:\/\/verlorene-generation.com\/en\/product\/wir-werden-euch-nicht-vergessen-die-verlorene-generation-ihre-kunst-ihre-geschichten\/\" target=\"_blank\" rel=\"noreferrer noopener\" aria-label=\"Link HIER\"><strong>HIER<\/strong><\/a><\/span><strong> erh\u00e4ltlich.<\/strong><\/p>","protected":false},"featured_media":0,"template":"","meta":{"_acf_changed":false,"slim_seo":{"title":"Halkett, Ren\u00e9 - Museum der verlorenen Generation","description":"Zur Jahrhundertwende wurde Ren\u00e9 Halkett als Albrecht Georg Freiherr von Fritsch in Weimar geboren. Er erhielt eine Offiziersausbildung und hatte im Zuge des Ers"}},"categories":[96],"class_list":["post-1094","kuenstler","type-kuenstler","status-publish","hentry","category-kuenstler"],"acf":[],"_links":{"self":[{"href":"https:\/\/verlorene-generation.com\/en\/wp-json\/wp\/v2\/kuenstler\/1094","targetHints":{"allow":["GET"]}}],"collection":[{"href":"https:\/\/verlorene-generation.com\/en\/wp-json\/wp\/v2\/kuenstler"}],"about":[{"href":"https:\/\/verlorene-generation.com\/en\/wp-json\/wp\/v2\/types\/kuenstler"}],"wp:attachment":[{"href":"https:\/\/verlorene-generation.com\/en\/wp-json\/wp\/v2\/media?parent=1094"}],"wp:term":[{"taxonomy":"category","embeddable":true,"href":"https:\/\/verlorene-generation.com\/en\/wp-json\/wp\/v2\/categories?post=1094"}],"curies":[{"name":"wp","href":"https:\/\/api.w.org\/{rel}","templated":true}]}}

Halkett, René

<p class="cvGsUA block-font-kerning-none block-font-feature-liga-off block-font-feature-clig-off block-font-feature-calt-off direction-ltr align-justify para-style-body"><span class="a_GcMg font-feature-liga-off font-feature-clig-off font-feature-calt-off text-decoration-none text-strikethrough-none">Zur Jahrhundertwende wurde René Halkett als Albrecht Georg Freiherr von Fritsch in Weimar geboren. Er erhielt eine Offiziersausbildung und hatte im Zuge des Ersten Weltkrieges einen kurzen Fronteinsatz in Flandern. Anschließend begann er seine künstlerische Ausbildung: Durch eine Empfehlung des Künstlers <strong>Lyonel Feininger</strong> kam er an das Staatliche Bauhaus in Weimar, wo er unter anderem bei <strong>Paul Klee</strong>,<strong> László Moholy-Nagy</strong> sowie <strong>Oskar Schlemmer</strong> studierte. Eine enge Freundschaft verband ihn mit dem Künstler </span><a href="https://verlorene-generation.com/en/kuenstler/heckroth-hein/"><strong><span class="a_GcMg font-feature-liga-off font-feature-clig-off font-feature-calt-off text-decoration-none text-strikethrough-none" style="color: #33cccc;">Hein Heckroth</span></strong></a><span class="a_GcMg font-feature-liga-off font-feature-clig-off font-feature-calt-off text-decoration-none text-strikethrough-none">, der ebenfalls Teil der Sammlung Böhme ist. </span><span class="a_GcMg font-feature-liga-off font-feature-clig-off font-feature-calt-off text-decoration-none text-strikethrough-none">Nach dem Reichstagsbrand 1933 reiste Halkett nach Ibiza, kehrte jedoch bereits 1934 zurück. Er emigriert 1936 nach Großbritannien und blieb in Kontakt mit Heckroth. Unter der Leitung des Journalisten Sefton Tom Delmer arbeitete er gemeinsam mit anderen Emigranten im Rahmen der “black propaganda”. Informationen und Propagandamaterial wurden gezielt unter falscher oder verschleierter Urheberschaft verbreitet, um die Bevölkerung und die Moral des Gegners zu beeinflussen. Halkett verfasste zudem für die BBC politische Nachrichten zur Ausstrahlung nach Deutschland. Von 1946 bis 1949 war er im Auftrag des US-amerikanischen Hochkommissariats in Deutschland als Übersetzer am Internationalen Militärgerichtshof in Nürnberg tätig. Dieser verurteile im Hauptprozess und den Nachfolgeprozessen Kriegsverbrecher:innen des Nationalsozialismus.</span></p>
<p><strong>Weiterführende Informationen finden Sie in unserem Sammlungskatalog „Wir werden euch nicht Vergessen. Die Verlorene Generation. Ihre Kunst. Ihre Geschichten“. Dieser ist </strong><span style="color: #33cccc;"><a id="menur67a" class="fui-Link ___1q1shib f2hkw1w f3rmtva f1ewtqcl fyind8e f1k6fduh f1w7gpdv fk6fouc fjoy568 figsok6 f1s184ao f1mk8lai fnbmjn9 f1o700av f13mvf36 f1cmlufx f9n3di6 f1ids18y f1tx3yz7 f1deo86v f1eh06m1 f1iescvh fhgqx19 f1olyrje f1p93eir f1nev41a f1h8hb77 f1lqvz6u f10aw75t fsle3fq f17ae5zn" style="color: #33cccc;" title="https://verlorene-generation.com/produkt/wir-werden-euch-nicht-vergessen-die-verlorene-generation-ihre-kunst-ihre-geschichten/" href="https://verlorene-generation.com/en/product/wir-werden-euch-nicht-vergessen-die-verlorene-generation-ihre-kunst-ihre-geschichten/" target="_blank" rel="noreferrer noopener" aria-label="Link HIER"><strong>HIER</strong></a></span><strong> erhältlich.</strong></p>

Halkett, René - Museum der verlorenen Generation

Zur Jahrhundertwende wurde René Halkett als Albrecht Georg Freiherr von Fritsch in Weimar geboren. Er erhielt eine Offiziersausbildung und hatte im Zuge des Ers
