{"id":1121,"date":"2025-11-13T09:28:16","date_gmt":"2025-11-13T09:28:16","guid":{"rendered":"https:\/\/verlorene-generation.com\/kuenstler\/jacobs-hella\/"},"modified":"2026-08-19T14:14:50","modified_gmt":"2026-08-19T12:14:50","slug":"jacobs-hella","status":"publish","type":"kuenstler","link":"https:\/\/verlorene-generation.com\/en\/kuenstler\/jacobs-hella\/","title":{"rendered":"Jacobs, Hella"},"content":{"rendered":"<p class=\"cvGsUA direction-ltr align-justify para-style-body\"><span class=\"a_GcMg font-feature-liga-off font-feature-clig-off font-feature-calt-off text-decoration-none text-strikethrough-none\">Hella Jacobs wurde 1905 in Hamburg geboren. In den Jahren 1924 -1926 besucht sie die Kunstgewerbeschulen in Hamburg und Altona, wo sie Gebrauchsgraphik studierte. Von 1926 \u2013 1931 arbeitete sie als technische Zeichnerin im Architekturb\u00fcro Friedrich Ostermeyer in Hamburg. Parallel dazu absolvierte sie eine Tischlerlehre mit Gesellenpr\u00fcfung. Aufgrund mangelnder Auftr\u00e4ge wurde sie entlassen und war als freischaffende K\u00fcnstlerin bei verschiedenen Verlagen t\u00e4tig. Durch die F\u00f6rderung des Verlegers Kurt Enoch erhielt sie wieder Auftr\u00e4ge. 1930\/1 bezog Jacobs ein Atelier in der Villa Ohlendorff. <\/span><span class=\"a_GcMg font-feature-liga-off font-feature-clig-off font-feature-calt-off text-decoration-none text-strikethrough-none\">Als Vertreterin der k\u00fcnstlerischen Avantgarde geriet sie unter dem NS-Regime in Ungnade: ihr Werk wurde als \u201eentartet\u201c eingestuft, was ihre beruflichen M\u00f6glichkeiten stark einschr\u00e4nkte. <\/span><span class=\"a_GcMg font-feature-liga-off font-feature-clig-off font-feature-calt-off text-decoration-none text-strikethrough-none\">1932 volontierte Jacobs bei der Keramikfabrik Sailer. 1935 verbrachte sie einen Studienaufenthalt in Positano und 1936\/37 in Paris. Jacobs zog sich in die innere Emigration zur\u00fcck und stellte ab 1937 nicht mehr aus. <\/span><span class=\"a_GcMg font-feature-liga-off font-feature-clig-off font-feature-calt-off text-decoration-none text-strikethrough-none\">In den Jahren 1938-41 war sie mit Alfred L\u00fcbkert verheiratet. Von 1940-43 arbeitete sie als technische Zeichnerin im Architekturb\u00fcro Bomhoff und Sch\u00f6ne, Hamburg. Aus Angst vor Verfolgung brachte sie ihre Werke zu ihrer Schwester Pauline Steinbrinker. Bei der Bombardierung Hamburgs gingen diese jedoch verloren. In den Nachkriegsjahren war Jacobs stark physisch und psychisch angeschlagen und konnte in der Kunstszene nicht mehr Fu\u00df fassen. Sie verstarb 1974 in Hamburg.<\/span><\/p>\n<p><strong>Weiterf\u00fchrende Informationen finden Sie in unserem Sammlungskatalog \u201eWir werden euch nicht Vergessen. Die Verlorene Generation. Ihre Kunst. Ihre Geschichten\u201c. Dieser ist\u00a0<\/strong><span style=\"color: #33cccc;\"><a id=\"menur67a\" class=\"fui-Link ___1q1shib f2hkw1w f3rmtva f1ewtqcl fyind8e f1k6fduh f1w7gpdv fk6fouc fjoy568 figsok6 f1s184ao f1mk8lai fnbmjn9 f1o700av f13mvf36 f1cmlufx f9n3di6 f1ids18y f1tx3yz7 f1deo86v f1eh06m1 f1iescvh fhgqx19 f1olyrje f1p93eir f1nev41a f1h8hb77 f1lqvz6u f10aw75t fsle3fq f17ae5zn\" style=\"color: #33cccc;\" title=\"https:\/\/verlorene-generation.com\/produkt\/wir-werden-euch-nicht-vergessen-die-verlorene-generation-ihre-kunst-ihre-geschichten\/\" href=\"https:\/\/verlorene-generation.com\/en\/product\/wir-werden-euch-nicht-vergessen-die-verlorene-generation-ihre-kunst-ihre-geschichten\/\" target=\"_blank\" rel=\"noreferrer noopener\" aria-label=\"Link HIER\"><strong>HIER<\/strong><\/a><\/span><strong> erh\u00e4ltlich.<\/strong><\/p>","protected":false},"featured_media":0,"template":"","meta":{"_acf_changed":false,"slim_seo":{"title":"Jacobs, Hella - Museum der verlorenen Generation","description":"Hella Jacobs wurde 1905 in Hamburg geboren. In den Jahren 1924 -1926 besucht sie die Kunstgewerbeschulen in Hamburg und Altona, wo sie Gebrauchsgraphik studiert"}},"categories":[96],"class_list":["post-1121","kuenstler","type-kuenstler","status-publish","hentry","category-kuenstler"],"acf":[],"_links":{"self":[{"href":"https:\/\/verlorene-generation.com\/en\/wp-json\/wp\/v2\/kuenstler\/1121","targetHints":{"allow":["GET"]}}],"collection":[{"href":"https:\/\/verlorene-generation.com\/en\/wp-json\/wp\/v2\/kuenstler"}],"about":[{"href":"https:\/\/verlorene-generation.com\/en\/wp-json\/wp\/v2\/types\/kuenstler"}],"wp:attachment":[{"href":"https:\/\/verlorene-generation.com\/en\/wp-json\/wp\/v2\/media?parent=1121"}],"wp:term":[{"taxonomy":"category","embeddable":true,"href":"https:\/\/verlorene-generation.com\/en\/wp-json\/wp\/v2\/categories?post=1121"}],"curies":[{"name":"wp","href":"https:\/\/api.w.org\/{rel}","templated":true}]}}

<p class="cvGsUA direction-ltr align-justify para-style-body"><span class="a_GcMg font-feature-liga-off font-feature-clig-off font-feature-calt-off text-decoration-none text-strikethrough-none">Hella Jacobs wurde 1905 in Hamburg geboren. In den Jahren 1924 -1926 besucht sie die Kunstgewerbeschulen in Hamburg und Altona, wo sie Gebrauchsgraphik studierte. Von 1926 – 1931 arbeitete sie als technische Zeichnerin im Architekturbüro Friedrich Ostermeyer in Hamburg. Parallel dazu absolvierte sie eine Tischlerlehre mit Gesellenprüfung. Aufgrund mangelnder Aufträge wurde sie entlassen und war als freischaffende Künstlerin bei verschiedenen Verlagen tätig. Durch die Förderung des Verlegers Kurt Enoch erhielt sie wieder Aufträge. 1930/1 bezog Jacobs ein Atelier in der Villa Ohlendorff. </span><span class="a_GcMg font-feature-liga-off font-feature-clig-off font-feature-calt-off text-decoration-none text-strikethrough-none">Als Vertreterin der künstlerischen Avantgarde geriet sie unter dem NS-Regime in Ungnade: ihr Werk wurde als „entartet“ eingestuft, was ihre beruflichen Möglichkeiten stark einschränkte. </span><span class="a_GcMg font-feature-liga-off font-feature-clig-off font-feature-calt-off text-decoration-none text-strikethrough-none">1932 volontierte Jacobs bei der Keramikfabrik Sailer. 1935 verbrachte sie einen Studienaufenthalt in Positano und 1936/37 in Paris. Jacobs zog sich in die innere Emigration zurück und stellte ab 1937 nicht mehr aus. </span><span class="a_GcMg font-feature-liga-off font-feature-clig-off font-feature-calt-off text-decoration-none text-strikethrough-none">In den Jahren 1938-41 war sie mit Alfred Lübkert verheiratet. Von 1940-43 arbeitete sie als technische Zeichnerin im Architekturbüro Bomhoff und Schöne, Hamburg. Aus Angst vor Verfolgung brachte sie ihre Werke zu ihrer Schwester Pauline Steinbrinker. Bei der Bombardierung Hamburgs gingen diese jedoch verloren. In den Nachkriegsjahren war Jacobs stark physisch und psychisch angeschlagen und konnte in der Kunstszene nicht mehr Fuß fassen. Sie verstarb 1974 in Hamburg.</span></p>
<p><strong>Weiterführende Informationen finden Sie in unserem Sammlungskatalog „Wir werden euch nicht Vergessen. Die Verlorene Generation. Ihre Kunst. Ihre Geschichten“. Dieser ist </strong><span style="color: #33cccc;"><a id="menur67a" class="fui-Link ___1q1shib f2hkw1w f3rmtva f1ewtqcl fyind8e f1k6fduh f1w7gpdv fk6fouc fjoy568 figsok6 f1s184ao f1mk8lai fnbmjn9 f1o700av f13mvf36 f1cmlufx f9n3di6 f1ids18y f1tx3yz7 f1deo86v f1eh06m1 f1iescvh fhgqx19 f1olyrje f1p93eir f1nev41a f1h8hb77 f1lqvz6u f10aw75t fsle3fq f17ae5zn" style="color: #33cccc;" title="https://verlorene-generation.com/produkt/wir-werden-euch-nicht-vergessen-die-verlorene-generation-ihre-kunst-ihre-geschichten/" href="https://verlorene-generation.com/en/product/wir-werden-euch-nicht-vergessen-die-verlorene-generation-ihre-kunst-ihre-geschichten/" target="_blank" rel="noreferrer noopener" aria-label="Link HIER"><strong>HIER</strong></a></span><strong> erhältlich.</strong></p>
