{"id":1140,"date":"2025-11-13T09:32:48","date_gmt":"2025-11-13T09:32:48","guid":{"rendered":"https:\/\/verlorene-generation.com\/kuenstler\/kreibig-erwin-von\/"},"modified":"2026-08-26T11:51:44","modified_gmt":"2026-08-26T09:51:44","slug":"kreibig-erwin-von","status":"publish","type":"kuenstler","link":"https:\/\/verlorene-generation.com\/en\/kuenstler\/kreibig-erwin-von\/","title":{"rendered":"Kreibig, Erwin  von"},"content":{"rendered":"<p>Erwin von Kreibig w\u00e4chst als Sohn eines Mathematikers mit seinen zwei Geschwistern in der Kunstszene in M\u00fcnchen-Schwabing auf. Die Schwester Amanda tanzt schon in jungen Jahren und erh\u00e4lt eine klassische Ballettausbildung am Bayerischen Staatstheater in M\u00fcnchen, wo sie T\u00e4nzerin wird. Zu ihren Lehrern z\u00e4hlen Isadora Duncan, Rudolf Bode und Mary Wigman. Im Jahr 1917 beginnt Erwin von Kreibig seine Lehre als Holzbildhauer an der St\u00e4dtischen Gewerbeschule in M\u00fcnchen. Nach seinem Abschluss macht er ab 1919 eine Ausbildung als Metallbildhauer und Ziseleur bei Eugen Ehrenb\u00f6ck. Im Jahr 1921 wird Kreibig an die Kunstgewerbeschule bei Richard Riemerschmid aufgenommen, wo er Kost\u00fcmentw\u00fcrfe gestaltet. Er wird Mitarbeiter der Bildhauerwerkstatt von Konrad Bucher und fertigt zusammen mit seinem Bruder Erich Metallarbeiten, die sie auf einem eigenen Stand auf der Leipziger Messe 1923 ausstellen. Daraus ergeben sich Verbindungen bis in die USA nach New York. Kreibig bewegt sich in der Schwabinger Boh\u00e8me, ist Gast bei Oskar Maria Graf sowie bekannt mit Joachim Ringelnatz. Ab 1922 beginnt er mit ersten Versuchen zu zeichnen und zu malen, entwirft aber weiterhin Kost\u00fcme f\u00fcr seine Schwester Amanda. Sie wird Ballettmeisterin und erste Solot\u00e4nzerin am Darmst\u00e4dter Landestheater. Gegen Ende des Jahres 1923 entwirft Kreibig f\u00fcr seine Schwester das Plakat <em>Tanzabend Manda von Kreibig<\/em>, womit er in M\u00fcnchen Aufmerksamkeit erregt. Er kann sich zunehmend sowohl als Maler als auch als Zeichner sozialkritischer Karikaturen f\u00fcr die Zeitschriften Die Jugend, Simplicissimus und Eulenspiegel profilieren. In den Jahren 1922 und 1923 ist er als Gast bei den Ausstellungen der \u201eNeuen Sezession\u201c im Glaspalast vertreten. Im Jahr 1926 beteiligt er sich an einem Wettbewerb der Akademie der Bildenden K\u00fcnste, woraufhin er Meistersch\u00fcler bei Josef Wackerle wird. Seinen k\u00fcnstlerischen Durchbruch hat Kreibig 1930 mit der Er\u00f6ffnung einer gro\u00dfen Ausstellung in der Galerie der \u201eJuryfreien\u201c, in der \u00fcber hundert seiner Werke gezeigt werden. Die Ausstellung wandert von M\u00fcnchen aus weiter \u00fcber Augsburg, F\u00fcrth, Bochum und M\u00fchlheim an der Ruhr nach Berlin. Im Mai 1931 folgt eine Ausstellung in der Galerie von Hans Goltz in M\u00fcnchen. Mithilfe eines Stipendiums der Stadt M\u00fcnchen h\u00e4lt er sich 1932 in Paris auf und hat ein Atelier in Montparnasse. Bei der R\u00fcckkehr nach M\u00fcnchen Ende des Jahres 1933 bemerkt er schnell die Auswirkungen der nationalsozialistischen Kulturpolitik und emigriert 1934 nach Ibiza. Beim Ausbruch des spanischen B\u00fcrgerkrieges 1936 muss er fluchtartig in einem deutschen U-Boot nach Mallorca \u00fcbersetzen und kehrt wieder nach M\u00fcnchen zur\u00fcck. Hier stellt er fest, dass seine Bilder in der St\u00e4dtischen Galerie im Lenbachhaus bei der \u201eS\u00e4uberungsaktion\u201c gegen \u201eentartete\u201c Kunst vernichtet werden sollen und er selbst als \u201eentarteter\u201c K\u00fcnstler ge\u00e4chtet wird. Von Mitarbeitern der Galerie werden sie aber gerettet. Bis 1952 lebt von Kreibig im italienischen Sanremo, anschlie\u00dfend kehrt er wieder nach M\u00fcnchen zur\u00fcck<\/p>\n<p><em>In unserem <\/em><a href=\"https:\/\/verlorene-generation.com\/en\/shop\/\"><strong><span style=\"color: #33cccc;\">Museumshop<\/span> <\/strong><\/a><em>finden Sie das Motiv \"Tanzabend mit Manda von Kreibig\" auch als Poster!<\/em><\/p>\n<p><strong>Weiterf\u00fchrende Informationen finden Sie in unserem Sammlungskatalog \u201eWir werden euch nicht Vergessen. Die Verlorene Generation. Ihre Kunst. Ihre Geschichten\u201c. Dieser ist\u00a0<\/strong><span style=\"color: #33cccc;\"><a id=\"menur67a\" class=\"fui-Link ___1q1shib f2hkw1w f3rmtva f1ewtqcl fyind8e f1k6fduh f1w7gpdv fk6fouc fjoy568 figsok6 f1s184ao f1mk8lai fnbmjn9 f1o700av f13mvf36 f1cmlufx f9n3di6 f1ids18y f1tx3yz7 f1deo86v f1eh06m1 f1iescvh fhgqx19 f1olyrje f1p93eir f1nev41a f1h8hb77 f1lqvz6u f10aw75t fsle3fq f17ae5zn\" style=\"color: #33cccc;\" title=\"https:\/\/verlorene-generation.com\/produkt\/wir-werden-euch-nicht-vergessen-die-verlorene-generation-ihre-kunst-ihre-geschichten\/\" href=\"https:\/\/verlorene-generation.com\/en\/product\/wir-werden-euch-nicht-vergessen-die-verlorene-generation-ihre-kunst-ihre-geschichten\/\" target=\"_blank\" rel=\"noreferrer noopener\" aria-label=\"Link HIER\"><strong>HIER<\/strong><\/a><\/span><strong> erh\u00e4ltlich.<\/strong><\/p>","protected":false},"featured_media":0,"template":"","meta":{"_acf_changed":false,"slim_seo":{"title":"Kreibig, Erwin von - Museum der verlorenen Generation","description":"Erwin von Kreibig w\u00e4chst als Sohn eines Mathematikers mit seinen zwei Geschwistern in der Kunstszene in M\u00fcnchen-Schwabing auf. Die Schwester Amanda tanzt schon"}},"categories":[96],"class_list":["post-1140","kuenstler","type-kuenstler","status-publish","hentry","category-kuenstler"],"acf":[],"_links":{"self":[{"href":"https:\/\/verlorene-generation.com\/en\/wp-json\/wp\/v2\/kuenstler\/1140","targetHints":{"allow":["GET"]}}],"collection":[{"href":"https:\/\/verlorene-generation.com\/en\/wp-json\/wp\/v2\/kuenstler"}],"about":[{"href":"https:\/\/verlorene-generation.com\/en\/wp-json\/wp\/v2\/types\/kuenstler"}],"wp:attachment":[{"href":"https:\/\/verlorene-generation.com\/en\/wp-json\/wp\/v2\/media?parent=1140"}],"wp:term":[{"taxonomy":"category","embeddable":true,"href":"https:\/\/verlorene-generation.com\/en\/wp-json\/wp\/v2\/categories?post=1140"}],"curies":[{"name":"wp","href":"https:\/\/api.w.org\/{rel}","templated":true}]}}

<p>Erwin von Kreibig wächst als Sohn eines Mathematikers mit seinen zwei Geschwistern in der Kunstszene in München-Schwabing auf. Die Schwester Amanda tanzt schon in jungen Jahren und erhält eine klassische Ballettausbildung am Bayerischen Staatstheater in München, wo sie Tänzerin wird. Zu ihren Lehrern zählen Isadora Duncan, Rudolf Bode und Mary Wigman. Im Jahr 1917 beginnt Erwin von Kreibig seine Lehre als Holzbildhauer an der Städtischen Gewerbeschule in München. Nach seinem Abschluss macht er ab 1919 eine Ausbildung als Metallbildhauer und Ziseleur bei Eugen Ehrenböck. Im Jahr 1921 wird Kreibig an die Kunstgewerbeschule bei Richard Riemerschmid aufgenommen, wo er Kostümentwürfe gestaltet. Er wird Mitarbeiter der Bildhauerwerkstatt von Konrad Bucher und fertigt zusammen mit seinem Bruder Erich Metallarbeiten, die sie auf einem eigenen Stand auf der Leipziger Messe 1923 ausstellen. Daraus ergeben sich Verbindungen bis in die USA nach New York. Kreibig bewegt sich in der Schwabinger Bohème, ist Gast bei Oskar Maria Graf sowie bekannt mit Joachim Ringelnatz. Ab 1922 beginnt er mit ersten Versuchen zu zeichnen und zu malen, entwirft aber weiterhin Kostüme für seine Schwester Amanda. Sie wird Ballettmeisterin und erste Solotänzerin am Darmstädter Landestheater. Gegen Ende des Jahres 1923 entwirft Kreibig für seine Schwester das Plakat <em>Tanzabend Manda von Kreibig</em>, womit er in München Aufmerksamkeit erregt. Er kann sich zunehmend sowohl als Maler als auch als Zeichner sozialkritischer Karikaturen für die Zeitschriften Die Jugend, Simplicissimus und Eulenspiegel profilieren. In den Jahren 1922 und 1923 ist er als Gast bei den Ausstellungen der „Neuen Sezession“ im Glaspalast vertreten. Im Jahr 1926 beteiligt er sich an einem Wettbewerb der Akademie der Bildenden Künste, woraufhin er Meisterschüler bei Josef Wackerle wird. Seinen künstlerischen Durchbruch hat Kreibig 1930 mit der Eröffnung einer großen Ausstellung in der Galerie der „Juryfreien“, in der über hundert seiner Werke gezeigt werden. Die Ausstellung wandert von München aus weiter über Augsburg, Fürth, Bochum und Mühlheim an der Ruhr nach Berlin. Im Mai 1931 folgt eine Ausstellung in der Galerie von Hans Goltz in München. Mithilfe eines Stipendiums der Stadt München hält er sich 1932 in Paris auf und hat ein Atelier in Montparnasse. Bei der Rückkehr nach München Ende des Jahres 1933 bemerkt er schnell die Auswirkungen der nationalsozialistischen Kulturpolitik und emigriert 1934 nach Ibiza. Beim Ausbruch des spanischen Bürgerkrieges 1936 muss er fluchtartig in einem deutschen U-Boot nach Mallorca übersetzen und kehrt wieder nach München zurück. Hier stellt er fest, dass seine Bilder in der Städtischen Galerie im Lenbachhaus bei der „Säuberungsaktion“ gegen „entartete“ Kunst vernichtet werden sollen und er selbst als „entarteter“ Künstler geächtet wird. Von Mitarbeitern der Galerie werden sie aber gerettet. Bis 1952 lebt von Kreibig im italienischen Sanremo, anschließend kehrt er wieder nach München zurück</p>
<p><em>In unserem </em><a href="https://verlorene-generation.com/en/shop/"><strong><span style="color: #33cccc;">Museumshop</span> </strong></a><em>finden Sie das Motiv "Tanzabend mit Manda von Kreibig" auch als Poster!</em></p>
<p><strong>Weiterführende Informationen finden Sie in unserem Sammlungskatalog „Wir werden euch nicht Vergessen. Die Verlorene Generation. Ihre Kunst. Ihre Geschichten“. Dieser ist </strong><span style="color: #33cccc;"><a id="menur67a" class="fui-Link ___1q1shib f2hkw1w f3rmtva f1ewtqcl fyind8e f1k6fduh f1w7gpdv fk6fouc fjoy568 figsok6 f1s184ao f1mk8lai fnbmjn9 f1o700av f13mvf36 f1cmlufx f9n3di6 f1ids18y f1tx3yz7 f1deo86v f1eh06m1 f1iescvh fhgqx19 f1olyrje f1p93eir f1nev41a f1h8hb77 f1lqvz6u f10aw75t fsle3fq f17ae5zn" style="color: #33cccc;" title="https://verlorene-generation.com/produkt/wir-werden-euch-nicht-vergessen-die-verlorene-generation-ihre-kunst-ihre-geschichten/" href="https://verlorene-generation.com/en/product/wir-werden-euch-nicht-vergessen-die-verlorene-generation-ihre-kunst-ihre-geschichten/" target="_blank" rel="noreferrer noopener" aria-label="Link HIER"><strong>HIER</strong></a></span><strong> erhältlich.</strong></p>

Erwin von Kreibig wächst als Sohn eines Mathematikers mit seinen zwei Geschwistern in der Kunstszene in München-Schwabing auf. Die Schwester Amanda tanzt schon
