{"id":1145,"date":"2025-11-13T09:32:48","date_gmt":"2025-11-13T09:32:48","guid":{"rendered":"https:\/\/verlorene-generation.com\/kuenstler\/kuttner-fritz\/"},"modified":"2026-01-23T15:55:17","modified_gmt":"2026-01-23T15:55:17","slug":"kuttner-fritz","status":"publish","type":"kuenstler","link":"https:\/\/verlorene-generation.com\/en\/kuenstler\/kuttner-fritz\/","title":{"rendered":"Kuttner, Fritz"},"content":{"rendered":"<p>Diese Biografie wird zurzeit bearbeitet. Wir danken f\u00fcr Ihr Verst\u00e4ndnis!<\/p>\n<p>Weiterf\u00fchrende Informationen finden Sie in unserem Sammlungskatalog \u201eWir werden euch nicht Vergessen. Die Verlorene Generation. Ihre Kunst. Ihre Geschichten \u201c. Dieser ist\u00a0<span style=\"color: #33cccc;\"><a style=\"color: #33cccc;\" href=\"https:\/\/verlorene-generation.com\/en\/product\/wir-werden-euch-nicht-vergessen-die-verlorene-generation-ihre-kunst-ihre-geschichten\/\">hier\u00a0<\/a><\/span>erh\u00e4ltlich.<\/p>","protected":false},"featured_media":0,"template":"","meta":{"_acf_changed":false,"slim_seo":{"title":"Kuttner, Fritz - Museum der verlorenen Generation","description":"Diese Biografie wird zurzeit bearbeitet. Wir danken f\u00fcr Ihr Verst\u00e4ndnis! Weiterf\u00fchrende Informationen finden Sie in unserem Sammlungskatalog \u201eWir werden euch ni"}},"categories":[96],"class_list":["post-1145","kuenstler","type-kuenstler","status-publish","hentry","category-kuenstler"],"acf":[],"_links":{"self":[{"href":"https:\/\/verlorene-generation.com\/en\/wp-json\/wp\/v2\/kuenstler\/1145","targetHints":{"allow":["GET"]}}],"collection":[{"href":"https:\/\/verlorene-generation.com\/en\/wp-json\/wp\/v2\/kuenstler"}],"about":[{"href":"https:\/\/verlorene-generation.com\/en\/wp-json\/wp\/v2\/types\/kuenstler"}],"wp:attachment":[{"href":"https:\/\/verlorene-generation.com\/en\/wp-json\/wp\/v2\/media?parent=1145"}],"wp:term":[{"taxonomy":"category","embeddable":true,"href":"https:\/\/verlorene-generation.com\/en\/wp-json\/wp\/v2\/categories?post=1145"}],"curies":[{"name":"wp","href":"https:\/\/api.w.org\/{rel}","templated":true}]}}

<p>Diese Biografie wird zurzeit bearbeitet. Wir danken für Ihr Verständnis!</p>
<p>Weiterführende Informationen finden Sie in unserem Sammlungskatalog „Wir werden euch nicht Vergessen. Die Verlorene Generation. Ihre Kunst. Ihre Geschichten “. Dieser ist <span style="color: #33cccc;"><a style="color: #33cccc;" href="https://verlorene-generation.com/en/product/wir-werden-euch-nicht-vergessen-die-verlorene-generation-ihre-kunst-ihre-geschichten/">hier </a></span>erhältlich.</p>

Diese Biografie wird zurzeit bearbeitet. Wir danken für Ihr Verständnis! Weiterführende Informationen finden Sie in unserem Sammlungskatalog „Wir werden euch ni
