{"id":1146,"date":"2025-11-13T09:36:16","date_gmt":"2025-11-13T09:36:16","guid":{"rendered":"https:\/\/verlorene-generation.com\/kuenstler\/laves-werner\/"},"modified":"2026-01-23T15:56:16","modified_gmt":"2026-01-23T15:56:16","slug":"laves-werner","status":"publish","type":"kuenstler","link":"https:\/\/verlorene-generation.com\/en\/kuenstler\/laves-werner\/","title":{"rendered":"Laves, Werner"},"content":{"rendered":"<p>Werner Laves begann seine k\u00fcnstlerische Laufbahn 1919 an der Staatlichen Kunstgewerbeschule in Weimar und setzte sein Studium 1920 an der Staatlichen Kunstgewerbeschule in M\u00fcnchen fort. Zwischen 1923 und 1928 besuchte er die Hochschule f\u00fcr bildende K\u00fcnste in Berlin Charlottenburg, wo er Malerei bei Karl Hofer (1878\u20131955) und Radierung bei Hans Meid (1883\u20131957) studierte. Laves wurde Meistersch\u00fcler von Hofer und erhielt ein eigenes Atelier.<\/p>\n<p>Nach seinem Abschluss 1929 nahm er an mehreren Ausstellungen in Berlin teil, darunter die juryfreie Kunstausstellung sowie die Ausstellungen der \u201eBerliner Sezession\u201c, der Akademie der K\u00fcnste und des Kronprinzenpalais. Im Jahr 1930 erhielt er den Rompreis, der ihm ein Stipendium an der Villa Massimo in Rom erm\u00f6glichte. Ein privates Stipendium erlaubte ihm 1931 den Aufenthalt im s\u00fcdfranz\u00f6sischen Ch\u00e2teau Noir du Tholonet bei Aix-en-Provence, wo sich ein deutscher K\u00fcnstlerkreis niedergelassen hatte.<\/p>\n<p>\u00dcberrascht vom Kriegsausbruch 1939 wurde er im franz\u00f6sischen Lager Les Milles in Aix-en-Provence interniert. Ab 1940 war er als Dolmetscher im Kriegsdienst t\u00e4tig und geriet 1944 in Kriegsgefangenschaft in Frankreich. Im Jahr 1943 wurden fast alle Bilder durch Bomben auf das Berliner Atelier zerst\u00f6rt. 1948 wurde Laves an die p\u00e4dagogische Abteilung der Hochschule f\u00fcr bildende K\u00fcnste in Berlin berufen.<\/p>\n<p>1949 folgten zahlreiche Ausstellungen, darunter beim \u201eDeutschen K\u00fcnstlerbund\u201c, \u201eKunstverein Hannover\u201c und bei der \u201eNeuen Gruppe\u201c in Berlin.<\/p>","protected":false},"featured_media":0,"template":"","meta":{"_acf_changed":false,"slim_seo":{"title":"Laves, Werner - Museum der verlorenen Generation","description":"Werner Laves begann seine k\u00fcnstlerische Laufbahn 1919 an der Staatlichen Kunstgewerbeschule in Weimar und setzte sein Studium 1920 an der Staatlichen Kunstgewer"}},"categories":[96],"class_list":["post-1146","kuenstler","type-kuenstler","status-publish","hentry","category-kuenstler"],"acf":[],"_links":{"self":[{"href":"https:\/\/verlorene-generation.com\/en\/wp-json\/wp\/v2\/kuenstler\/1146","targetHints":{"allow":["GET"]}}],"collection":[{"href":"https:\/\/verlorene-generation.com\/en\/wp-json\/wp\/v2\/kuenstler"}],"about":[{"href":"https:\/\/verlorene-generation.com\/en\/wp-json\/wp\/v2\/types\/kuenstler"}],"wp:attachment":[{"href":"https:\/\/verlorene-generation.com\/en\/wp-json\/wp\/v2\/media?parent=1146"}],"wp:term":[{"taxonomy":"category","embeddable":true,"href":"https:\/\/verlorene-generation.com\/en\/wp-json\/wp\/v2\/categories?post=1146"}],"curies":[{"name":"wp","href":"https:\/\/api.w.org\/{rel}","templated":true}]}}

<p>Werner Laves begann seine künstlerische Laufbahn 1919 an der Staatlichen Kunstgewerbeschule in Weimar und setzte sein Studium 1920 an der Staatlichen Kunstgewerbeschule in München fort. Zwischen 1923 und 1928 besuchte er die Hochschule für bildende Künste in Berlin Charlottenburg, wo er Malerei bei Karl Hofer (1878–1955) und Radierung bei Hans Meid (1883–1957) studierte. Laves wurde Meisterschüler von Hofer und erhielt ein eigenes Atelier.</p>
<p>Nach seinem Abschluss 1929 nahm er an mehreren Ausstellungen in Berlin teil, darunter die juryfreie Kunstausstellung sowie die Ausstellungen der „Berliner Sezession“, der Akademie der Künste und des Kronprinzenpalais. Im Jahr 1930 erhielt er den Rompreis, der ihm ein Stipendium an der Villa Massimo in Rom ermöglichte. Ein privates Stipendium erlaubte ihm 1931 den Aufenthalt im südfranzösischen Château Noir du Tholonet bei Aix-en-Provence, wo sich ein deutscher Künstlerkreis niedergelassen hatte.</p>
<p>Überrascht vom Kriegsausbruch 1939 wurde er im französischen Lager Les Milles in Aix-en-Provence interniert. Ab 1940 war er als Dolmetscher im Kriegsdienst tätig und geriet 1944 in Kriegsgefangenschaft in Frankreich. Im Jahr 1943 wurden fast alle Bilder durch Bomben auf das Berliner Atelier zerstört. 1948 wurde Laves an die pädagogische Abteilung der Hochschule für bildende Künste in Berlin berufen.</p>
<p>1949 folgten zahlreiche Ausstellungen, darunter beim „Deutschen Künstlerbund“, „Kunstverein Hannover“ und bei der „Neuen Gruppe“ in Berlin.</p>

Werner Laves begann seine künstlerische Laufbahn 1919 an der Staatlichen Kunstgewerbeschule in Weimar und setzte sein Studium 1920 an der Staatlichen Kunstgewer
