{"id":1155,"date":"2025-11-13T09:36:16","date_gmt":"2025-11-13T09:36:16","guid":{"rendered":"https:\/\/verlorene-generation.com\/kuenstler\/loewenthal-kaethe\/"},"modified":"2026-08-21T12:01:52","modified_gmt":"2026-08-21T10:01:52","slug":"loewenthal-kaethe","status":"publish","type":"kuenstler","link":"https:\/\/verlorene-generation.com\/en\/kuenstler\/loewenthal-kaethe\/","title":{"rendered":"Loewenthal, K\u00e4the"},"content":{"rendered":"<p>Mit K\u00e4the Loewenthal begegnet uns eine Malerin, die konsequent und unabh\u00e4ngig ihren k\u00fcnstlerischen Werdegang ging und schon fr\u00fch Anerkennung erlangte. Ihr Werk ist jedoch nur in Teilen \u00fcberliefert. K\u00e4the Loewenthal wurde 1878 als \u00e4lteste von f\u00fcnf T\u00f6chtern des Augenarztes Wilhelm Loewenthal, der an verschiedenen Universit\u00e4ten lehrte, und seiner Frau Clara Loewenthal in Berlin geboren. Die j\u00fcdische Familie reiste oft wegen der wissenschaftlichen T\u00e4tigkeit des Vaters, und K\u00e4the verbrachte somit ihre Kindheit an vielen verschiedenen Orten wie Genf, Lausanne, Paris und in Argentinien. W\u00e4hrend eines Aufenthalts in Bern zwischen 1892 und 1894 lie\u00df sie sich taufen und konfirmieren. Loewenthal begann schon in jungen Jahren, k\u00fcnstlerisch zu arbeiten. Nach ihrem Schulabschluss studierte sie bis 1897 bei Ferdinand Hodler. Im September 1900 besuchte sie einen Kurs f\u00fcr Landschaftsmalerei bei Wilhelm Feldmann in Zeven. Nach mehreren Studienreisen nach Italien ging sie nach Berlin. Dort studierte sie zwischen 1903 und 1904 bei Leo von K\u00f6nig in dessen privater Malschule. In dieser Zeit entstand eine enge Freundschaft und Liebesbeziehung zu der Malerin Erna Raabe Freiin von Holzhausen, die Sch\u00fclerin bei Wilhelm Tr\u00fcbner in Frankfurt am Main war. Ab 1905 arbeitete Loewenthal als freischaffende K\u00fcnstlerin in M\u00fcnchen. Sie wurde Mitglied im K\u00fcnstlerinnen-Verein M\u00fcnchen, wo sie Kurse der vereinseigenen Damen-Akademie besuchte. Das in dieser Zeit um 1905\/06 gemalte Stillleben \u201eGr\u00fcne \u00c4pfel\u201c ist eines der wenigen heute noch erhaltenen \u00d6lbilder. Zum Jahreswechsel 1909\/10 bezog die K\u00fcnstlerin ein Atelier im Haus des W\u00fcrttembergischen Malerinnenvereins in Stuttgart. Im Jahr 1910 begann sie dort an der Akademie der Bildenden K\u00fcnste, wo sie die Damen-Malschule von Adolf H\u00f6lzel besuchte. Ab 1912 verbrachte sie die Sommermonate auf Hiddensee und arbeitete dort an Seest\u00fccken und Landschaftsbildern. In Stuttgart war sie ab 1914 als freischaffende Malerin t\u00e4tig und beteiligte sich regelm\u00e4\u00dfig an Ausstellungen, darunter auch der Stuttgarter Sezession. Aufgrund ihrer j\u00fcdischen Herkunft erhielt Loewenthal ab 1934 Malverbot, worauf die K\u00fcndigung ihres Ateliers und der Ausschluss aus dem W\u00fcrttembergischen Malerinnenverein folgten. Sie durfte weder an Ausstellungen teilnehmen noch Bilder verkaufen. Im Jahr 1939 erfolgte der Umzug in eine \u201eJudenwohnung\u201c in Stuttgart-Kaltental. Im Februar 1942 wurde sie in das Durchgangslager Izbica bei Lublin im besetzten Polen deportiert, wo sie ermordet wurde. Bei einem Bombenangriff auf Stuttgart 1943 wurden zahlreiche ihrer in einem Magazin eingelagerten Werke zerst\u00f6rt, darunter vor allem Gem\u00e4lde.<\/p>\n<p class=\"cvGsUA block-font-kerning-none block-font-feature-liga-off block-font-feature-clig-off block-font-feature-calt-off direction-ltr align-justify\"><em><span class=\"a_GcMg font-feature-liga-off font-feature-clig-off font-feature-calt-off text-decoration-none text-strikethrough-none\">Das Kunstwerk \"Gr\u00fcne \u00c4pfel\" wartet noch auf eine Kunstpatenschaft!\u00a0<\/span><\/em><\/p>\n<p class=\"cvGsUA block-font-kerning-none block-font-feature-liga-off block-font-feature-clig-off block-font-feature-calt-off direction-ltr align-justify\"><em><span class=\"a_GcMg font-feature-liga-off font-feature-clig-off font-feature-calt-off text-decoration-none text-strikethrough-none\">Durch die \u00dcbernahme einer Kunstpatenschaft profitieren Sie von zahlreichen Vorteilen, wie beispielsweise einer pers\u00f6nlichen Urkunde, die Ihre Kunstpatenschaft dokumentiert, sowie einer detaillierten Objektbeschreibung und K\u00fcnstlerbiographie. Auf Wunsch wird Ihre Patenschaft zudem bei Ausstellungen und auf unserer Website erw\u00e4hnt. Und das ist nur ein kleiner Teil der exklusiven Vorteile, die Sie erwarten. Mehr Informationen erhalten Sie <span style=\"color: #33cccc;\"><strong><a style=\"color: #33cccc;\" href=\"https:\/\/verlorene-generation.com\/en\/unterstuetzen\/\">HIER<\/a><\/strong><\/span><span style=\"color: #000000;\">!<\/span><\/span><\/em><\/p>\n<p><span data-teams=\"true\"><strong>Weiterf\u00fchrende Informationen finden Sie in unserem Sammlungskatalog \u201eWir werden euch nicht Vergessen. Die Verlorene Generation. Ihre Kunst. Ihre Geschichten\u201c. Dieser ist\u00a0<\/strong><a id=\"menur67a\" class=\"fui-Link ___1q1shib f2hkw1w f3rmtva f1ewtqcl fyind8e f1k6fduh f1w7gpdv fk6fouc fjoy568 figsok6 f1s184ao f1mk8lai fnbmjn9 f1o700av f13mvf36 f1cmlufx f9n3di6 f1ids18y f1tx3yz7 f1deo86v f1eh06m1 f1iescvh fhgqx19 f1olyrje f1p93eir f1nev41a f1h8hb77 f1lqvz6u f10aw75t fsle3fq f17ae5zn\" title=\"https:\/\/verlorene-generation.com\/produkt\/wir-werden-euch-nicht-vergessen-die-verlorene-generation-ihre-kunst-ihre-geschichten\/\" href=\"https:\/\/verlorene-generation.com\/en\/product\/wir-werden-euch-nicht-vergessen-die-verlorene-generation-ihre-kunst-ihre-geschichten\/\" target=\"_blank\" rel=\"noreferrer noopener\" aria-label=\"Link HIER\"><strong>HIER<\/strong><\/a><strong> erh\u00e4ltlich.<\/strong><\/span><\/p>","protected":false},"featured_media":0,"template":"","meta":{"_acf_changed":false,"slim_seo":{"title":"Loewenthal, K\u00e4the - Museum der verlorenen Generation","description":"Mit K\u00e4the Loewenthal begegnet uns eine Malerin, die konsequent und unabh\u00e4ngig ihren k\u00fcnstlerischen Werdegang ging und schon fr\u00fch Anerkennung erlangte. Ihr Werk"}},"categories":[96],"class_list":["post-1155","kuenstler","type-kuenstler","status-publish","hentry","category-kuenstler"],"acf":[],"_links":{"self":[{"href":"https:\/\/verlorene-generation.com\/en\/wp-json\/wp\/v2\/kuenstler\/1155","targetHints":{"allow":["GET"]}}],"collection":[{"href":"https:\/\/verlorene-generation.com\/en\/wp-json\/wp\/v2\/kuenstler"}],"about":[{"href":"https:\/\/verlorene-generation.com\/en\/wp-json\/wp\/v2\/types\/kuenstler"}],"wp:attachment":[{"href":"https:\/\/verlorene-generation.com\/en\/wp-json\/wp\/v2\/media?parent=1155"}],"wp:term":[{"taxonomy":"category","embeddable":true,"href":"https:\/\/verlorene-generation.com\/en\/wp-json\/wp\/v2\/categories?post=1155"}],"curies":[{"name":"wp","href":"https:\/\/api.w.org\/{rel}","templated":true}]}}

Loewenthal, Käthe

<p>Mit Käthe Loewenthal begegnet uns eine Malerin, die konsequent und unabhängig ihren künstlerischen Werdegang ging und schon früh Anerkennung erlangte. Ihr Werk ist jedoch nur in Teilen überliefert. Käthe Loewenthal wurde 1878 als älteste von fünf Töchtern des Augenarztes Wilhelm Loewenthal, der an verschiedenen Universitäten lehrte, und seiner Frau Clara Loewenthal in Berlin geboren. Die jüdische Familie reiste oft wegen der wissenschaftlichen Tätigkeit des Vaters, und Käthe verbrachte somit ihre Kindheit an vielen verschiedenen Orten wie Genf, Lausanne, Paris und in Argentinien. Während eines Aufenthalts in Bern zwischen 1892 und 1894 ließ sie sich taufen und konfirmieren. Loewenthal begann schon in jungen Jahren, künstlerisch zu arbeiten. Nach ihrem Schulabschluss studierte sie bis 1897 bei Ferdinand Hodler. Im September 1900 besuchte sie einen Kurs für Landschaftsmalerei bei Wilhelm Feldmann in Zeven. Nach mehreren Studienreisen nach Italien ging sie nach Berlin. Dort studierte sie zwischen 1903 und 1904 bei Leo von König in dessen privater Malschule. In dieser Zeit entstand eine enge Freundschaft und Liebesbeziehung zu der Malerin Erna Raabe Freiin von Holzhausen, die Schülerin bei Wilhelm Trübner in Frankfurt am Main war. Ab 1905 arbeitete Loewenthal als freischaffende Künstlerin in München. Sie wurde Mitglied im Künstlerinnen-Verein München, wo sie Kurse der vereinseigenen Damen-Akademie besuchte. Das in dieser Zeit um 1905/06 gemalte Stillleben „Grüne Äpfel“ ist eines der wenigen heute noch erhaltenen Ölbilder. Zum Jahreswechsel 1909/10 bezog die Künstlerin ein Atelier im Haus des Württembergischen Malerinnenvereins in Stuttgart. Im Jahr 1910 begann sie dort an der Akademie der Bildenden Künste, wo sie die Damen-Malschule von Adolf Hölzel besuchte. Ab 1912 verbrachte sie die Sommermonate auf Hiddensee und arbeitete dort an Seestücken und Landschaftsbildern. In Stuttgart war sie ab 1914 als freischaffende Malerin tätig und beteiligte sich regelmäßig an Ausstellungen, darunter auch der Stuttgarter Sezession. Aufgrund ihrer jüdischen Herkunft erhielt Loewenthal ab 1934 Malverbot, worauf die Kündigung ihres Ateliers und der Ausschluss aus dem Württembergischen Malerinnenverein folgten. Sie durfte weder an Ausstellungen teilnehmen noch Bilder verkaufen. Im Jahr 1939 erfolgte der Umzug in eine „Judenwohnung“ in Stuttgart-Kaltental. Im Februar 1942 wurde sie in das Durchgangslager Izbica bei Lublin im besetzten Polen deportiert, wo sie ermordet wurde. Bei einem Bombenangriff auf Stuttgart 1943 wurden zahlreiche ihrer in einem Magazin eingelagerten Werke zerstört, darunter vor allem Gemälde.</p>
<p class="cvGsUA block-font-kerning-none block-font-feature-liga-off block-font-feature-clig-off block-font-feature-calt-off direction-ltr align-justify"><em><span class="a_GcMg font-feature-liga-off font-feature-clig-off font-feature-calt-off text-decoration-none text-strikethrough-none">Das Kunstwerk "Grüne Äpfel" wartet noch auf eine Kunstpatenschaft! </span></em></p>
<p class="cvGsUA block-font-kerning-none block-font-feature-liga-off block-font-feature-clig-off block-font-feature-calt-off direction-ltr align-justify"><em><span class="a_GcMg font-feature-liga-off font-feature-clig-off font-feature-calt-off text-decoration-none text-strikethrough-none">Durch die Übernahme einer Kunstpatenschaft profitieren Sie von zahlreichen Vorteilen, wie beispielsweise einer persönlichen Urkunde, die Ihre Kunstpatenschaft dokumentiert, sowie einer detaillierten Objektbeschreibung und Künstlerbiographie. Auf Wunsch wird Ihre Patenschaft zudem bei Ausstellungen und auf unserer Website erwähnt. Und das ist nur ein kleiner Teil der exklusiven Vorteile, die Sie erwarten. Mehr Informationen erhalten Sie <span style="color: #33cccc;"><strong><a style="color: #33cccc;" href="https://verlorene-generation.com/en/unterstuetzen/">HIER</a></strong></span><span style="color: #000000;">!</span></span></em></p>
<p><span data-teams="true"><strong>Weiterführende Informationen finden Sie in unserem Sammlungskatalog „Wir werden euch nicht Vergessen. Die Verlorene Generation. Ihre Kunst. Ihre Geschichten“. Dieser ist </strong><a id="menur67a" class="fui-Link ___1q1shib f2hkw1w f3rmtva f1ewtqcl fyind8e f1k6fduh f1w7gpdv fk6fouc fjoy568 figsok6 f1s184ao f1mk8lai fnbmjn9 f1o700av f13mvf36 f1cmlufx f9n3di6 f1ids18y f1tx3yz7 f1deo86v f1eh06m1 f1iescvh fhgqx19 f1olyrje f1p93eir f1nev41a f1h8hb77 f1lqvz6u f10aw75t fsle3fq f17ae5zn" title="https://verlorene-generation.com/produkt/wir-werden-euch-nicht-vergessen-die-verlorene-generation-ihre-kunst-ihre-geschichten/" href="https://verlorene-generation.com/en/product/wir-werden-euch-nicht-vergessen-die-verlorene-generation-ihre-kunst-ihre-geschichten/" target="_blank" rel="noreferrer noopener" aria-label="Link HIER"><strong>HIER</strong></a><strong> erhältlich.</strong></span></p>

Loewenthal, Käthe - Museum der verlorenen Generation

Mit Käthe Loewenthal begegnet uns eine Malerin, die konsequent und unabhängig ihren künstlerischen Werdegang ging und schon früh Anerkennung erlangte. Ihr Werk
