{"id":1185,"date":"2025-11-13T09:40:44","date_gmt":"2025-11-13T09:40:44","guid":{"rendered":"https:\/\/verlorene-generation.com\/kuenstler\/oppler-alexander\/"},"modified":"2026-08-21T12:00:22","modified_gmt":"2026-08-21T10:00:22","slug":"oppler-alexander","status":"publish","type":"kuenstler","link":"https:\/\/verlorene-generation.com\/en\/kuenstler\/oppler-alexander\/","title":{"rendered":"Oppler, Alexander"},"content":{"rendered":"<p>Als Sohn einer gro\u00dfb\u00fcrgerlichen j\u00fcdischen Familie entschied sich Alexander Oppler bereits fr\u00fch, K\u00fcnstler zu werden. Unter dem Namen \u201eAlex Oppler\u201c schrieb er sich im Wintersemester 1888 an der Akademie der Bildenden K\u00fcnste in M\u00fcnchen ein und besuchte dort die Bildhauerklasse. Bald darauf wurde er Mitglied in der \u201eM\u00fcnchner\u201c und der \u201eBerliner Sezession\u201c, letztere wurde von seinem Bruder Ernst mitbegr\u00fcndet, welcher im Jahr 1905 neben Lovis Corinth (1858\u20131925) Jurymitglied war. Zu Opplers bekanntesten Werken z\u00e4hlen eine Portr\u00e4tb\u00fcste des franz\u00f6sischen Malers Andr\u00e9 Derain sowie sein Lebenswerk, ein Brunnen am Olivaer Platz in Berlin. Letzterer wurde von den Nationalsozialist:innen im Zuge der Enteignungs- und Vernichtungspolitik zerst\u00f6rt. Sp\u00e4ter wurden auch Skulpturen auf den Grabst\u00e4tten seines Bruders Ernst Oppler, seiner Ehefrau Alice sowie auf der f\u00fcr ihn selbst vorgesehenen Grabst\u00e4tte entfernt. Im Zweiten Weltkrieg wurden zahlreiche Kunstgegenst\u00e4nde wie Bronzeplastiken, Denkm\u00e4ler, Schmuck oder Kirchenturmglocken aus Metall beschlagnahmt oder von der Bev\u00f6lkerung als \u201eMetallspende\u201c gesammelt und zu Kriegsmaterial eingeschmolzen. Nur noch wenige Metallskulpturen sind aus dieser Zeit erhalten geblieben, darunter auch die Bronze <em>Demut<\/em> aus der Sammlung B\u00f6hme, welche sich bislang in Privatbesitz befand.<\/p>\n<p class=\"cvGsUA block-font-kerning-none block-font-feature-liga-off block-font-feature-clig-off block-font-feature-calt-off direction-ltr align-justify\"><em><span class=\"a_GcMg font-feature-liga-off font-feature-clig-off font-feature-calt-off text-decoration-none text-strikethrough-none\">Das Kunstwerk \"Demut\" wartet noch auf eine Kunstpatenschaft!\u00a0<\/span><\/em><\/p>\n<p class=\"cvGsUA block-font-kerning-none block-font-feature-liga-off block-font-feature-clig-off block-font-feature-calt-off direction-ltr align-justify\"><em><span class=\"a_GcMg font-feature-liga-off font-feature-clig-off font-feature-calt-off text-decoration-none text-strikethrough-none\">Durch die \u00dcbernahme einer Kunstpatenschaft profitieren Sie von zahlreichen Vorteilen, wie beispielsweise einer pers\u00f6nlichen Urkunde, die Ihre Kunstpatenschaft dokumentiert, sowie einer detaillierten Objektbeschreibung und K\u00fcnstlerbiographie. Auf Wunsch wird Ihre Patenschaft zudem bei Ausstellungen und auf unserer Website erw\u00e4hnt. Und das ist nur ein kleiner Teil der exklusiven Vorteile, die Sie erwarten. Mehr Informationen erhalten Sie <span style=\"color: #33cccc;\"><strong><a style=\"color: #33cccc;\" href=\"https:\/\/verlorene-generation.com\/en\/unterstuetzen\/\">HIER<\/a><\/strong><\/span><span style=\"color: #000000;\">!<\/span><\/span><\/em><\/p>\n<p><span data-teams=\"true\"><strong>Weiterf\u00fchrende Informationen finden Sie in unserem Sammlungskatalog \u201eWir werden euch nicht Vergessen. Die Verlorene Generation. Ihre Kunst. Ihre Geschichten\u201c. Dieser ist\u00a0<\/strong><a id=\"menur67a\" class=\"fui-Link ___1q1shib f2hkw1w f3rmtva f1ewtqcl fyind8e f1k6fduh f1w7gpdv fk6fouc fjoy568 figsok6 f1s184ao f1mk8lai fnbmjn9 f1o700av f13mvf36 f1cmlufx f9n3di6 f1ids18y f1tx3yz7 f1deo86v f1eh06m1 f1iescvh fhgqx19 f1olyrje f1p93eir f1nev41a f1h8hb77 f1lqvz6u f10aw75t fsle3fq f17ae5zn\" title=\"https:\/\/verlorene-generation.com\/produkt\/wir-werden-euch-nicht-vergessen-die-verlorene-generation-ihre-kunst-ihre-geschichten\/\" href=\"https:\/\/verlorene-generation.com\/en\/product\/wir-werden-euch-nicht-vergessen-die-verlorene-generation-ihre-kunst-ihre-geschichten\/\" target=\"_blank\" rel=\"noreferrer noopener\" aria-label=\"Link HIER\"><strong>HIER<\/strong><\/a><strong> erh\u00e4ltlich.<\/strong><\/span><\/p>","protected":false},"featured_media":0,"template":"","meta":{"_acf_changed":false,"slim_seo":{"title":"Oppler, Alexander - Museum der verlorenen Generation","description":"Als Sohn einer gro\u00dfb\u00fcrgerlichen j\u00fcdischen Familie entschied sich Alexander Oppler bereits fr\u00fch, K\u00fcnstler zu werden. Unter dem Namen \u201eAlex Oppler\u201c schrieb er sic"}},"categories":[96],"class_list":["post-1185","kuenstler","type-kuenstler","status-publish","hentry","category-kuenstler"],"acf":[],"_links":{"self":[{"href":"https:\/\/verlorene-generation.com\/en\/wp-json\/wp\/v2\/kuenstler\/1185","targetHints":{"allow":["GET"]}}],"collection":[{"href":"https:\/\/verlorene-generation.com\/en\/wp-json\/wp\/v2\/kuenstler"}],"about":[{"href":"https:\/\/verlorene-generation.com\/en\/wp-json\/wp\/v2\/types\/kuenstler"}],"wp:attachment":[{"href":"https:\/\/verlorene-generation.com\/en\/wp-json\/wp\/v2\/media?parent=1185"}],"wp:term":[{"taxonomy":"category","embeddable":true,"href":"https:\/\/verlorene-generation.com\/en\/wp-json\/wp\/v2\/categories?post=1185"}],"curies":[{"name":"wp","href":"https:\/\/api.w.org\/{rel}","templated":true}]}}

<p>Als Sohn einer großbürgerlichen jüdischen Familie entschied sich Alexander Oppler bereits früh, Künstler zu werden. Unter dem Namen „Alex Oppler“ schrieb er sich im Wintersemester 1888 an der Akademie der Bildenden Künste in München ein und besuchte dort die Bildhauerklasse. Bald darauf wurde er Mitglied in der „Münchner“ und der „Berliner Sezession“, letztere wurde von seinem Bruder Ernst mitbegründet, welcher im Jahr 1905 neben Lovis Corinth (1858–1925) Jurymitglied war. Zu Opplers bekanntesten Werken zählen eine Porträtbüste des französischen Malers André Derain sowie sein Lebenswerk, ein Brunnen am Olivaer Platz in Berlin. Letzterer wurde von den Nationalsozialist:innen im Zuge der Enteignungs- und Vernichtungspolitik zerstört. Später wurden auch Skulpturen auf den Grabstätten seines Bruders Ernst Oppler, seiner Ehefrau Alice sowie auf der für ihn selbst vorgesehenen Grabstätte entfernt. Im Zweiten Weltkrieg wurden zahlreiche Kunstgegenstände wie Bronzeplastiken, Denkmäler, Schmuck oder Kirchenturmglocken aus Metall beschlagnahmt oder von der Bevölkerung als „Metallspende“ gesammelt und zu Kriegsmaterial eingeschmolzen. Nur noch wenige Metallskulpturen sind aus dieser Zeit erhalten geblieben, darunter auch die Bronze <em>Demut</em> aus der Sammlung Böhme, welche sich bislang in Privatbesitz befand.</p>
<p class="cvGsUA block-font-kerning-none block-font-feature-liga-off block-font-feature-clig-off block-font-feature-calt-off direction-ltr align-justify"><em><span class="a_GcMg font-feature-liga-off font-feature-clig-off font-feature-calt-off text-decoration-none text-strikethrough-none">Das Kunstwerk "Demut" wartet noch auf eine Kunstpatenschaft! </span></em></p>
<p class="cvGsUA block-font-kerning-none block-font-feature-liga-off block-font-feature-clig-off block-font-feature-calt-off direction-ltr align-justify"><em><span class="a_GcMg font-feature-liga-off font-feature-clig-off font-feature-calt-off text-decoration-none text-strikethrough-none">Durch die Übernahme einer Kunstpatenschaft profitieren Sie von zahlreichen Vorteilen, wie beispielsweise einer persönlichen Urkunde, die Ihre Kunstpatenschaft dokumentiert, sowie einer detaillierten Objektbeschreibung und Künstlerbiographie. Auf Wunsch wird Ihre Patenschaft zudem bei Ausstellungen und auf unserer Website erwähnt. Und das ist nur ein kleiner Teil der exklusiven Vorteile, die Sie erwarten. Mehr Informationen erhalten Sie <span style="color: #33cccc;"><strong><a style="color: #33cccc;" href="https://verlorene-generation.com/en/unterstuetzen/">HIER</a></strong></span><span style="color: #000000;">!</span></span></em></p>
<p><span data-teams="true"><strong>Weiterführende Informationen finden Sie in unserem Sammlungskatalog „Wir werden euch nicht Vergessen. Die Verlorene Generation. Ihre Kunst. Ihre Geschichten“. Dieser ist </strong><a id="menur67a" class="fui-Link ___1q1shib f2hkw1w f3rmtva f1ewtqcl fyind8e f1k6fduh f1w7gpdv fk6fouc fjoy568 figsok6 f1s184ao f1mk8lai fnbmjn9 f1o700av f13mvf36 f1cmlufx f9n3di6 f1ids18y f1tx3yz7 f1deo86v f1eh06m1 f1iescvh fhgqx19 f1olyrje f1p93eir f1nev41a f1h8hb77 f1lqvz6u f10aw75t fsle3fq f17ae5zn" title="https://verlorene-generation.com/produkt/wir-werden-euch-nicht-vergessen-die-verlorene-generation-ihre-kunst-ihre-geschichten/" href="https://verlorene-generation.com/en/product/wir-werden-euch-nicht-vergessen-die-verlorene-generation-ihre-kunst-ihre-geschichten/" target="_blank" rel="noreferrer noopener" aria-label="Link HIER"><strong>HIER</strong></a><strong> erhältlich.</strong></span></p>

Als Sohn einer großbürgerlichen jüdischen Familie entschied sich Alexander Oppler bereits früh, Künstler zu werden. Unter dem Namen „Alex Oppler“ schrieb er sic
