{"id":1187,"date":"2025-11-13T09:46:20","date_gmt":"2025-11-13T09:46:20","guid":{"rendered":"https:\/\/verlorene-generation.com\/kuenstler\/paffenholz-peter-josef\/"},"modified":"2026-01-16T14:02:31","modified_gmt":"2026-01-16T14:02:31","slug":"paffenholz-peter-josef","status":"publish","type":"kuenstler","link":"https:\/\/verlorene-generation.com\/en\/kuenstler\/paffenholz-peter-josef\/","title":{"rendered":"Paffenholz, Peter Josef"},"content":{"rendered":"<p>Peter Josef Paffenholz wuchs in schwierigen Verh\u00e4ltnissen auf: Sein Vater starb fr\u00fch, die Mutter heiratete erneut, doch die Familie geriet in finanzielle Bedr\u00e4ngnis. Nach der Scheidung der Mutter schlug sich Paffenholz zun\u00e4chst als Friseurlehrling durch, wechselte dann aber zur Fotografie. Kurz vor Ende des Ersten Weltkriegs wurde er zum Milit\u00e4r einberufen.<\/p>\n<p>Im Anschluss zog es ihn an die Kunstgewerbeschule in K\u00f6ln. Dort entfaltete er sein Talent nicht nur in der Malerei, sondern entwarf auch Filmplakate und Theaterkost\u00fcme. Besonders faszinierte ihn die Herstellung von Holzschnitten f\u00fcr den Buchdruck. In den 1920er-Jahren schloss er sich der Gruppe progressiver K\u00fcnstler:innen an und etablierte sich in den verschiedensten Bereichen der Kunstszene. Er arbeitete als B\u00fchnenbildner in K\u00f6ln, pr\u00e4sentierte seine Malerei auf Ausstellungen und illustrierte Kurzgeschichten. Ein Jahr nach der Geburt der gemeinsamen Tochter heirateten Paffenholz und die Kommunistin Anna Maria Lossen (Lebensdaten unbekannt). Maria (1923\u20132011) wurde ebenfalls sp\u00e4ter K\u00fcnstlerin. 1926 trat Paffenholz der KPD (Kommunistische Partei Deutschlands) bei und gestaltete daf\u00fcr Flugbl\u00e4tter und Schriften. 1931 wurde er zum Stadtverordneten der KPD ernannt und setzte sich im Stadtausschuss f\u00fcr sozial Benachteiligte ein. Mit seiner Frau engagierte er sich aktiv im Widerstand gegen den Nationalsozialismus; die gemeinsame Wohnung wurde zum Treffpunkt f\u00fcr politische Zusammenk\u00fcnfte.<\/p>\n<p>Mit der Macht\u00fcbernahme Hitlers geriet Paffenholz ins Visier der Gestapo. Bereits im M\u00e4rz 1933 wurde er wegen seiner politischen Arbeit in \u201eSchutzhaft\u201c genommen. Nach einem gesundheitlichen Zusammenbruch kam er Ende April wieder frei, doch Verh\u00f6re und berufliche Einschr\u00e4nkungen als K\u00fcnstler nahmen ihm jede Lebensgrundlage. Um seine Familie trotzdem versorgen zu k\u00f6nnen, arbeitete er unter Pseudonym f\u00fcr einen katholischen Verlag. Noch vor seiner Entlassung hatte ihn die Gestapo gezwungen, ein Propaganda-Plakat f\u00fcr die NSDAP zu entwerfen. In seinen Kreisen galt das als Verrat, weswegen er dort ge\u00e4chtet und denunziert wurde. Im Jahr 1944 wurde er erneut f\u00fcr einige Wochen verhaftet. Die letzten Monate des Krieges verbrachte er versteckt in einem Stall am Rande von R\u00fcnderoth im Bergischen Land, wo seine Familie bereits seit 1942 lebte. W\u00e4hrend dieser Zeit entstanden viele Werke mit religi\u00f6sen Motiven.<\/p>\n<p>Nach dem Krieg k\u00e4mpfte Paffenholz um die Anerkennung als Verfolgter des NS-Regimes. Von der KPD distanzierte er sich 1946, nachdem er in der Partei erneut \u00f6ffentlich angefeindet worden war. Obwohl seinem Antrag auf Entsch\u00e4digung f\u00fcr die erlittene Haft stattgegeben wurde, legten die Beh\u00f6rden die Auszahlung erst nach dem 60. Lebensjahr fest. Paffenholz starb jedoch bereits mit nur 59 Jahren, sodass die Wiedergutmachung zu sp\u00e4t kam.<\/p>\n<p>&nbsp;<\/p>\n<p>Weiterf\u00fchrende Informationen finden Sie in unserem Sammlungskatalog \u201eWir werden euch nicht Vergessen. Die Verlorene Generation. Ihre Kunst. Ihre Geschichten \u201c. Dieser ist<span style=\"color: #33cccc;\">\u00a0<a style=\"color: #33cccc;\" href=\"https:\/\/verlorene-generation.com\/en\/product\/wir-werden-euch-nicht-vergessen-die-verlorene-generation-ihre-kunst-ihre-geschichten\/\"><strong>HIER<\/strong><\/a> <\/span>erh\u00e4ltlich.<\/p>","protected":false},"featured_media":0,"template":"","meta":{"_acf_changed":false,"slim_seo":{"title":"Paffenholz, Peter Josef - Museum der verlorenen Generation","description":"Peter Josef Paffenholz wuchs in schwierigen Verh\u00e4ltnissen auf: Sein Vater starb fr\u00fch, die Mutter heiratete erneut, doch die Familie geriet in finanzielle Bedr\u00e4n"}},"categories":[96],"class_list":["post-1187","kuenstler","type-kuenstler","status-publish","hentry","category-kuenstler"],"acf":[],"_links":{"self":[{"href":"https:\/\/verlorene-generation.com\/en\/wp-json\/wp\/v2\/kuenstler\/1187","targetHints":{"allow":["GET"]}}],"collection":[{"href":"https:\/\/verlorene-generation.com\/en\/wp-json\/wp\/v2\/kuenstler"}],"about":[{"href":"https:\/\/verlorene-generation.com\/en\/wp-json\/wp\/v2\/types\/kuenstler"}],"wp:attachment":[{"href":"https:\/\/verlorene-generation.com\/en\/wp-json\/wp\/v2\/media?parent=1187"}],"wp:term":[{"taxonomy":"category","embeddable":true,"href":"https:\/\/verlorene-generation.com\/en\/wp-json\/wp\/v2\/categories?post=1187"}],"curies":[{"name":"wp","href":"https:\/\/api.w.org\/{rel}","templated":true}]}}

<p>Peter Josef Paffenholz wuchs in schwierigen Verhältnissen auf: Sein Vater starb früh, die Mutter heiratete erneut, doch die Familie geriet in finanzielle Bedrängnis. Nach der Scheidung der Mutter schlug sich Paffenholz zunächst als Friseurlehrling durch, wechselte dann aber zur Fotografie. Kurz vor Ende des Ersten Weltkriegs wurde er zum Militär einberufen.</p>
<p>Im Anschluss zog es ihn an die Kunstgewerbeschule in Köln. Dort entfaltete er sein Talent nicht nur in der Malerei, sondern entwarf auch Filmplakate und Theaterkostüme. Besonders faszinierte ihn die Herstellung von Holzschnitten für den Buchdruck. In den 1920er-Jahren schloss er sich der Gruppe progressiver Künstler:innen an und etablierte sich in den verschiedensten Bereichen der Kunstszene. Er arbeitete als Bühnenbildner in Köln, präsentierte seine Malerei auf Ausstellungen und illustrierte Kurzgeschichten. Ein Jahr nach der Geburt der gemeinsamen Tochter heirateten Paffenholz und die Kommunistin Anna Maria Lossen (Lebensdaten unbekannt). Maria (1923–2011) wurde ebenfalls später Künstlerin. 1926 trat Paffenholz der KPD (Kommunistische Partei Deutschlands) bei und gestaltete dafür Flugblätter und Schriften. 1931 wurde er zum Stadtverordneten der KPD ernannt und setzte sich im Stadtausschuss für sozial Benachteiligte ein. Mit seiner Frau engagierte er sich aktiv im Widerstand gegen den Nationalsozialismus; die gemeinsame Wohnung wurde zum Treffpunkt für politische Zusammenkünfte.</p>
<p>Mit der Machtübernahme Hitlers geriet Paffenholz ins Visier der Gestapo. Bereits im März 1933 wurde er wegen seiner politischen Arbeit in „Schutzhaft“ genommen. Nach einem gesundheitlichen Zusammenbruch kam er Ende April wieder frei, doch Verhöre und berufliche Einschränkungen als Künstler nahmen ihm jede Lebensgrundlage. Um seine Familie trotzdem versorgen zu können, arbeitete er unter Pseudonym für einen katholischen Verlag. Noch vor seiner Entlassung hatte ihn die Gestapo gezwungen, ein Propaganda-Plakat für die NSDAP zu entwerfen. In seinen Kreisen galt das als Verrat, weswegen er dort geächtet und denunziert wurde. Im Jahr 1944 wurde er erneut für einige Wochen verhaftet. Die letzten Monate des Krieges verbrachte er versteckt in einem Stall am Rande von Ründeroth im Bergischen Land, wo seine Familie bereits seit 1942 lebte. Während dieser Zeit entstanden viele Werke mit religiösen Motiven.</p>
<p>Nach dem Krieg kämpfte Paffenholz um die Anerkennung als Verfolgter des NS-Regimes. Von der KPD distanzierte er sich 1946, nachdem er in der Partei erneut öffentlich angefeindet worden war. Obwohl seinem Antrag auf Entschädigung für die erlittene Haft stattgegeben wurde, legten die Behörden die Auszahlung erst nach dem 60. Lebensjahr fest. Paffenholz starb jedoch bereits mit nur 59 Jahren, sodass die Wiedergutmachung zu spät kam.</p>
<p>&nbsp;</p>
<p>Weiterführende Informationen finden Sie in unserem Sammlungskatalog „Wir werden euch nicht Vergessen. Die Verlorene Generation. Ihre Kunst. Ihre Geschichten “. Dieser ist<span style="color: #33cccc;"> <a style="color: #33cccc;" href="https://verlorene-generation.com/en/product/wir-werden-euch-nicht-vergessen-die-verlorene-generation-ihre-kunst-ihre-geschichten/"><strong>HIER</strong></a> </span>erhältlich.</p>

Peter Josef Paffenholz wuchs in schwierigen Verhältnissen auf: Sein Vater starb früh, die Mutter heiratete erneut, doch die Familie geriet in finanzielle Bedrän
