{"id":1243,"date":"2025-11-13T09:55:49","date_gmt":"2025-11-13T09:55:49","guid":{"rendered":"https:\/\/verlorene-generation.com\/kuenstler\/sussmann-heinrich\/"},"modified":"2026-08-14T12:49:32","modified_gmt":"2026-08-14T10:49:32","slug":"sussmann-heinrich","status":"publish","type":"kuenstler","link":"https:\/\/verlorene-generation.com\/en\/kuenstler\/sussmann-heinrich\/","title":{"rendered":"Sussmann, Heinrich"},"content":{"rendered":"<p>Der K\u00fcnstler Heinrich Sussmann wurde in eine orthodox-j\u00fcdische Familie geboren und verbrachte seine ersten Schuljahre im <em>Cheder<\/em>, der traditionellen j\u00fcdischen Religionsschule zur Erlernung des Hebr\u00e4ischen und der Tora. Mit Ausbruch des Ersten Weltkrieges floh seine Familie nach Wien, wo er sp\u00e4ter die dortige Kunstgewerbeschule besuchte. Zudem engagierte er sich in den 1920er-Jahren politisch, so wird er Mitglied bei der <em>Sozialdemokratischen Arbeiterpartei<\/em> (SDAP) und n\u00e4herte sich sp\u00e4ter kommunistischen Kreisen an. In Berlin fand er renommierte Auftraggeber und wurde sowohl als B\u00fchnenbildner bei der Universum Film AG (UFA) als auch als Karikaturist beim Ullstein Buchverlag engagiert. Seine Kunstwerke werden zudem im Rahmen der Beliner Sezession ausgestellt. 1939 lebte Sussmann in Paris, nachdem er 1933 aus Deutschland, mit kurzem Aufenthalt in Wien, geflohen war. Dort heiratete er 1937 seine Jugendliebe Anna \u201eAnni\u201c Goldscheider (1909\u20131985), die sich bereits \u00fcber die <em>Sozialdemokratische Kunststelle<\/em> kennengelernt hatten. Schon 1934 ist Anne im Untergrund t\u00e4tig, dieses politische Engagement teilte das Ehepaar. Denn als Paris von der deutschen Wehrmacht besetzt wurde, schlossen sich Heinrich und Anne der <em>R\u00e9sistance<\/em> an. Durch die Herstellung gef\u00e4lschter Identit\u00e4tskarten in S\u00fcdfrankreich verschafften Sussmann und seine Ehefrau j\u00fcdischen M\u00e4nnern und Frauen Schutz und gewannen ihnen wichtige \u00dcberlebenszeit. Das Paar kehrte 1942 zur\u00fcck nach Paris, wo sie beide 1944 verhaftet und \u00fcber Drancy nach Auschwitz deportiert wurden. Anne war schwanger, was zun\u00e4chst verborgen werden konnte. Nach der Geburt ihres Kindes Samuel Georg am 20. August 1944 wurde das Neugeborenen unmittelbar danach von dem Arzt und nationalsozialistischen Kriegsverbrecher Josef Mengele ermordet. Die nationalsozialistische Schutzstaffel (SS) nutzte das Wissen um Heinrichs k\u00fcnstlerische F\u00e4higkeiten zur Illustration von Gl\u00fcckwunschkarten. Er wird am 27. J\u00e4nner 1945 durch die Rote Armee befreit, weil er sich mit anderen Internierten in einem Kohlekeller versteckt hielt. Beide \u00fcberlebten das Konzentrationslager und kehrten nach \u00d6sterreich zur\u00fcck, wo sie ab 1945 lebten. Heinrich und Anna engagierten sich in der schulischen Aufkl\u00e4rung \u00fcber rechtsextreme und faschistische Ideologien. Auf Grundlage ihrer Erfahrungen mit dem Nationalsozialismus hielten sie Vortr\u00e4ge und leisteten Aufkl\u00e4rungsarbeit an Schulen.<\/p>\n<p><strong><span style=\"font-family: 'Calibri',sans-serif;\">Weiterf\u00fchrende Informationen finden Sie in unserem Sammlungskatalog \u201eWir werden euch nicht Vergessen. Die Verlorene Generation. Ihre Kunst. Ihre Geschichten\u201c. Dieser ist <span style=\"color: #33cccc;\"><a style=\"color: #33cccc;\" href=\"https:\/\/verlorene-generation.com\/en\/product\/wir-werden-euch-nicht-vergessen-die-verlorene-generation-ihre-kunst-ihre-geschichten\/\">HIER<\/a><\/span> erh\u00e4ltlich.<\/span><\/strong><\/p>","protected":false},"featured_media":0,"template":"","meta":{"_acf_changed":false,"slim_seo":{"title":"Sussmann, Heinrich - Museum der verlorenen Generation","description":"Der K\u00fcnstler Heinrich Sussmann wurde in eine orthodox-j\u00fcdische Familie geboren und verbrachte seine ersten Schuljahre im Cheder , der traditionellen j\u00fcdischen R"}},"categories":[96],"class_list":["post-1243","kuenstler","type-kuenstler","status-publish","hentry","category-kuenstler"],"acf":[],"_links":{"self":[{"href":"https:\/\/verlorene-generation.com\/en\/wp-json\/wp\/v2\/kuenstler\/1243","targetHints":{"allow":["GET"]}}],"collection":[{"href":"https:\/\/verlorene-generation.com\/en\/wp-json\/wp\/v2\/kuenstler"}],"about":[{"href":"https:\/\/verlorene-generation.com\/en\/wp-json\/wp\/v2\/types\/kuenstler"}],"wp:attachment":[{"href":"https:\/\/verlorene-generation.com\/en\/wp-json\/wp\/v2\/media?parent=1243"}],"wp:term":[{"taxonomy":"category","embeddable":true,"href":"https:\/\/verlorene-generation.com\/en\/wp-json\/wp\/v2\/categories?post=1243"}],"curies":[{"name":"wp","href":"https:\/\/api.w.org\/{rel}","templated":true}]}}

<p>Der Künstler Heinrich Sussmann wurde in eine orthodox-jüdische Familie geboren und verbrachte seine ersten Schuljahre im <em>Cheder</em>, der traditionellen jüdischen Religionsschule zur Erlernung des Hebräischen und der Tora. Mit Ausbruch des Ersten Weltkrieges floh seine Familie nach Wien, wo er später die dortige Kunstgewerbeschule besuchte. Zudem engagierte er sich in den 1920er-Jahren politisch, so wird er Mitglied bei der <em>Sozialdemokratischen Arbeiterpartei</em> (SDAP) und näherte sich später kommunistischen Kreisen an. In Berlin fand er renommierte Auftraggeber und wurde sowohl als Bühnenbildner bei der Universum Film AG (UFA) als auch als Karikaturist beim Ullstein Buchverlag engagiert. Seine Kunstwerke werden zudem im Rahmen der Beliner Sezession ausgestellt. 1939 lebte Sussmann in Paris, nachdem er 1933 aus Deutschland, mit kurzem Aufenthalt in Wien, geflohen war. Dort heiratete er 1937 seine Jugendliebe Anna „Anni“ Goldscheider (1909–1985), die sich bereits über die <em>Sozialdemokratische Kunststelle</em> kennengelernt hatten. Schon 1934 ist Anne im Untergrund tätig, dieses politische Engagement teilte das Ehepaar. Denn als Paris von der deutschen Wehrmacht besetzt wurde, schlossen sich Heinrich und Anne der <em>Résistance</em> an. Durch die Herstellung gefälschter Identitätskarten in Südfrankreich verschafften Sussmann und seine Ehefrau jüdischen Männern und Frauen Schutz und gewannen ihnen wichtige Überlebenszeit. Das Paar kehrte 1942 zurück nach Paris, wo sie beide 1944 verhaftet und über Drancy nach Auschwitz deportiert wurden. Anne war schwanger, was zunächst verborgen werden konnte. Nach der Geburt ihres Kindes Samuel Georg am 20. August 1944 wurde das Neugeborenen unmittelbar danach von dem Arzt und nationalsozialistischen Kriegsverbrecher Josef Mengele ermordet. Die nationalsozialistische Schutzstaffel (SS) nutzte das Wissen um Heinrichs künstlerische Fähigkeiten zur Illustration von Glückwunschkarten. Er wird am 27. Jänner 1945 durch die Rote Armee befreit, weil er sich mit anderen Internierten in einem Kohlekeller versteckt hielt. Beide überlebten das Konzentrationslager und kehrten nach Österreich zurück, wo sie ab 1945 lebten. Heinrich und Anna engagierten sich in der schulischen Aufklärung über rechtsextreme und faschistische Ideologien. Auf Grundlage ihrer Erfahrungen mit dem Nationalsozialismus hielten sie Vorträge und leisteten Aufklärungsarbeit an Schulen.</p>
<p><strong><span style="font-family: 'Calibri',sans-serif;">Weiterführende Informationen finden Sie in unserem Sammlungskatalog „Wir werden euch nicht Vergessen. Die Verlorene Generation. Ihre Kunst. Ihre Geschichten“. Dieser ist <span style="color: #33cccc;"><a style="color: #33cccc;" href="https://verlorene-generation.com/en/product/wir-werden-euch-nicht-vergessen-die-verlorene-generation-ihre-kunst-ihre-geschichten/">HIER</a></span> erhältlich.</span></strong></p>

Der Künstler Heinrich Sussmann wurde in eine orthodox-jüdische Familie geboren und verbrachte seine ersten Schuljahre im Cheder , der traditionellen jüdischen R
