{"id":990,"date":"2025-11-13T09:02:09","date_gmt":"2025-11-13T09:02:09","guid":{"rendered":"https:\/\/verlorene-generation.com\/kuenstler\/albert-lasard-lou\/"},"modified":"2026-08-21T10:39:47","modified_gmt":"2026-08-21T08:39:47","slug":"albert-lasard-lou","status":"publish","type":"kuenstler","link":"https:\/\/verlorene-generation.com\/en\/kuenstler\/albert-lasard-lou\/","title":{"rendered":"Albert-Lasard, Lou"},"content":{"rendered":"<p>Die Kombination aus Dichtung und Malerei spiegelt sich im Leben der deutsch-franz\u00f6sischen K\u00fcnstlerin Lou Albert-Lasard wider. Eindrucksvoll portr\u00e4tierte sie unter anderem ihre Tochter, Ingo de Croux-Albert (1911\u20131997), die ebenfalls als Malerin t\u00e4tig war. Als K\u00fcnstlerinnen j\u00fcdischer Herkunft teilten sie das Schicksal vieler Literat:innen und Lyriker:innen w\u00e4hrend des Nationalsozialismus. Zur Zeit des Ersten Weltkrieges lernte die mittlerweile verheiratete K\u00fcnstlerin den deutsch-ungarischen Dichter Rainer Maria Rilke kennen und lieben. Zwischen Albert-Lasard und Rilke entwickelte sich aus mehreren gelegentlichen Zusammentreffen ab 1914 eine lebenslange Freundschaft. Neben ihrer k\u00fcnstlerischen T\u00e4tigkeit war die Malerin auch schriftstellerisch ge\u00fcbt und \u00fcbersetzte Gedichte Rilkes ins Franz\u00f6sische. Nachdem sie mehrere L\u00e4nder, darunter Marokko und Spanien, bereist hatte, wurde Lou zusammen mit ihrer Tochter Ingo im Mai bis August 1940 im Lager Gurs interniert. Dort malte sie Portr\u00e4ts ihrer Mitgefangenen und Szenen beim eint\u00f6nigen Lageralltag, beispielsweise Frauen, die sich in den Waschbaracken aufhielten. Das Portr\u00e4t ihrer inzwischen erwachsenen Tochter entstand nach dem Krieg. Zur\u00fcck in der Stadt Paris reiste das Mutter-Tochter-Duo mit einem Wohnwagen, wo sie gewonnene Reiseeindr\u00fccke malerisch in Landschaftsgem\u00e4lde verarbeiteten.<\/p>\n<p><strong>Weiterf\u00fchrende Informationen finden Sie in unserem Sammlungskatalog \u201eWir werden euch nicht Vergessen. Die Verlorene Generation. Ihre Kunst. Ihre Geschichten\u201c. Dieser ist\u00a0<\/strong><span style=\"color: #33cccc;\"><a id=\"menur4r4\" class=\"fui-Link ___1q1shib f2hkw1w f3rmtva f1ewtqcl fyind8e f1k6fduh f1w7gpdv fk6fouc fjoy568 figsok6 f1s184ao f1mk8lai fnbmjn9 f1o700av f13mvf36 f1cmlufx f9n3di6 f1ids18y f1tx3yz7 f1deo86v f1eh06m1 f1iescvh fhgqx19 f1olyrje f1p93eir f1nev41a f1h8hb77 f1lqvz6u f10aw75t fsle3fq f17ae5zn\" style=\"color: #33cccc;\" title=\"https:\/\/verlorene-generation.com\/produkt\/wir-werden-euch-nicht-vergessen-die-verlorene-generation-ihre-kunst-ihre-geschichten\/\" href=\"https:\/\/verlorene-generation.com\/en\/product\/wir-werden-euch-nicht-vergessen-die-verlorene-generation-ihre-kunst-ihre-geschichten\/\" target=\"_blank\" rel=\"noreferrer noopener\" aria-label=\"Link HIER\"><strong>HIER<\/strong><\/a><\/span><strong> erh\u00e4ltlich.<\/strong><\/p>","protected":false},"featured_media":0,"template":"","meta":{"_acf_changed":false,"slim_seo":{"title":"Albert-Lasard, Lou - Museum der verlorenen Generation","description":"Die Kombination aus Dichtung und Malerei spiegelt sich im Leben der deutsch-franz\u00f6sischen K\u00fcnstlerin Lou Albert-Lasard wider. Eindrucksvoll portr\u00e4tierte sie unt"}},"categories":[96],"class_list":["post-990","kuenstler","type-kuenstler","status-publish","hentry","category-kuenstler"],"acf":[],"_links":{"self":[{"href":"https:\/\/verlorene-generation.com\/en\/wp-json\/wp\/v2\/kuenstler\/990","targetHints":{"allow":["GET"]}}],"collection":[{"href":"https:\/\/verlorene-generation.com\/en\/wp-json\/wp\/v2\/kuenstler"}],"about":[{"href":"https:\/\/verlorene-generation.com\/en\/wp-json\/wp\/v2\/types\/kuenstler"}],"wp:attachment":[{"href":"https:\/\/verlorene-generation.com\/en\/wp-json\/wp\/v2\/media?parent=990"}],"wp:term":[{"taxonomy":"category","embeddable":true,"href":"https:\/\/verlorene-generation.com\/en\/wp-json\/wp\/v2\/categories?post=990"}],"curies":[{"name":"wp","href":"https:\/\/api.w.org\/{rel}","templated":true}]}}

<p>Die Kombination aus Dichtung und Malerei spiegelt sich im Leben der deutsch-französischen Künstlerin Lou Albert-Lasard wider. Eindrucksvoll porträtierte sie unter anderem ihre Tochter, Ingo de Croux-Albert (1911–1997), die ebenfalls als Malerin tätig war. Als Künstlerinnen jüdischer Herkunft teilten sie das Schicksal vieler Literat:innen und Lyriker:innen während des Nationalsozialismus. Zur Zeit des Ersten Weltkrieges lernte die mittlerweile verheiratete Künstlerin den deutsch-ungarischen Dichter Rainer Maria Rilke kennen und lieben. Zwischen Albert-Lasard und Rilke entwickelte sich aus mehreren gelegentlichen Zusammentreffen ab 1914 eine lebenslange Freundschaft. Neben ihrer künstlerischen Tätigkeit war die Malerin auch schriftstellerisch geübt und übersetzte Gedichte Rilkes ins Französische. Nachdem sie mehrere Länder, darunter Marokko und Spanien, bereist hatte, wurde Lou zusammen mit ihrer Tochter Ingo im Mai bis August 1940 im Lager Gurs interniert. Dort malte sie Porträts ihrer Mitgefangenen und Szenen beim eintönigen Lageralltag, beispielsweise Frauen, die sich in den Waschbaracken aufhielten. Das Porträt ihrer inzwischen erwachsenen Tochter entstand nach dem Krieg. Zurück in der Stadt Paris reiste das Mutter-Tochter-Duo mit einem Wohnwagen, wo sie gewonnene Reiseeindrücke malerisch in Landschaftsgemälde verarbeiteten.</p>
<p><strong>Weiterführende Informationen finden Sie in unserem Sammlungskatalog „Wir werden euch nicht Vergessen. Die Verlorene Generation. Ihre Kunst. Ihre Geschichten“. Dieser ist </strong><span style="color: #33cccc;"><a id="menur4r4" class="fui-Link ___1q1shib f2hkw1w f3rmtva f1ewtqcl fyind8e f1k6fduh f1w7gpdv fk6fouc fjoy568 figsok6 f1s184ao f1mk8lai fnbmjn9 f1o700av f13mvf36 f1cmlufx f9n3di6 f1ids18y f1tx3yz7 f1deo86v f1eh06m1 f1iescvh fhgqx19 f1olyrje f1p93eir f1nev41a f1h8hb77 f1lqvz6u f10aw75t fsle3fq f17ae5zn" style="color: #33cccc;" title="https://verlorene-generation.com/produkt/wir-werden-euch-nicht-vergessen-die-verlorene-generation-ihre-kunst-ihre-geschichten/" href="https://verlorene-generation.com/en/product/wir-werden-euch-nicht-vergessen-die-verlorene-generation-ihre-kunst-ihre-geschichten/" target="_blank" rel="noreferrer noopener" aria-label="Link HIER"><strong>HIER</strong></a></span><strong> erhältlich.</strong></p>

Die Kombination aus Dichtung und Malerei spiegelt sich im Leben der deutsch-französischen Künstlerin Lou Albert-Lasard wider. Eindrucksvoll porträtierte sie unt
