{"id":996,"date":"2025-11-13T09:02:09","date_gmt":"2025-11-13T09:02:09","guid":{"rendered":"https:\/\/verlorene-generation.com\/kuenstler\/baeumer-eduard\/"},"modified":"2026-08-21T10:36:32","modified_gmt":"2026-08-21T08:36:32","slug":"baeumer-eduard","status":"publish","type":"kuenstler","link":"https:\/\/verlorene-generation.com\/en\/kuenstler\/baeumer-eduard\/","title":{"rendered":"B\u00e4umer, Eduard"},"content":{"rendered":"<p>Eduard B\u00e4umer wurde 1892 in Kastellaun im Hunsr\u00fcck geboren. Die Familie \u00fcbersiedelte 1895 nach Frankfurt am Main. Nach dem fr\u00fchen Tod des Vaters im Jahr 1904 \u00fcbernahm das Waisenhaus in Frankfurt die Vormundschaft f\u00fcr die Kinder. Ab 1906 begann B\u00e4umer, auf Vermittlung des Waisenhauses, eine Lehre bei einem Dekorationsmaler in Frankfurt. Abends besuchte er zus\u00e4tzlich Kurse an der Kunstgewerbeschule. Dort erhielt er nach seinem Abschluss 1908 ein Stipendium und lernte bei Ludwig Heinrich Jungnickel. 1911 verstarb auch seine Mutter. Anschlie\u00dfend begann B\u00e4umer sein Studium an der St\u00e4delschule, das 1914 durch den Ersten Weltkrieg unterbrochen wurde. Nach Kriegsende kehrte er nach Frankfurt am Main zur\u00fcck und belegte ein Meisteratelier, in dem er seine Studien bis 1922 abschloss. 1923 heiratete er seine j\u00fcdische Studienkollegin Valerie Feix. Im Jahr 1924 unternahmen die B\u00e4umers gemeinsam mit Malerfreunden eine Reise nach Italien, die \u00fcber Florenz, Arezzo, Rom und die Abruzzen f\u00fchrte. In Frankfurt am Main hatte Eduard B\u00e4umer seine erste Ausstellung mit Bildern, die w\u00e4hrend dieser Reise entstanden. Er kn\u00fcpfte Bekanntschaften mit Max Beckmann, Paul Hindemith und Georg Swarzenski, dem damaligen Direktor des St\u00e4delschen Kunstinstituts. 1927 lernte B\u00e4umer Johannes Itten kennen, mit dem ihn eine lebenslange Freundschaft verband. Im selben Jahr besuchte er dessen Sommerschule im Allg\u00e4u sowie die Itten-Schule in Berlin. 1930 unternahm er eine Reise nach Paris, wo er Freundschaften mit Georges Braque, Fernand L\u00e9ger und Raoul Dufy schloss. Nach der Macht\u00fcbernahme durch die Nationalsozialisten wurde B\u00e4umers Kunst diffamiert, und die Familie emigrierte nach Salzburg. Er erhielt Berufsverbot, und das Verm\u00f6gen der Familie wurde 1938 nach dem \u201eAnschluss\u201c \u00d6sterreichs eingezogen. Da B\u00e4umer sich nicht von seiner j\u00fcdischen Frau trennen wollte, wurden beide ab 1943 zur Zwangsarbeit verpflichtet. Noch im Jahr 1942 fand B\u00e4umers erste gro\u00dfe Ausstellung in Wien bei der Galerie W\u00fcrthle statt. 1944 musste die Familie aus Salzburg fliehen.<\/p>\n<p><strong>Weiterf\u00fchrende Informationen finden Sie in unserem Sammlungskatalog \u201eWir werden euch nicht Vergessen. Die Verlorene Generation. Ihre Kunst. Ihre Geschichten\u201c. Dieser ist\u00a0<\/strong><span style=\"color: #33cccc;\"><a id=\"menur4r4\" class=\"fui-Link ___1q1shib f2hkw1w f3rmtva f1ewtqcl fyind8e f1k6fduh f1w7gpdv fk6fouc fjoy568 figsok6 f1s184ao f1mk8lai fnbmjn9 f1o700av f13mvf36 f1cmlufx f9n3di6 f1ids18y f1tx3yz7 f1deo86v f1eh06m1 f1iescvh fhgqx19 f1olyrje f1p93eir f1nev41a f1h8hb77 f1lqvz6u f10aw75t fsle3fq f17ae5zn\" style=\"color: #33cccc;\" title=\"https:\/\/verlorene-generation.com\/produkt\/wir-werden-euch-nicht-vergessen-die-verlorene-generation-ihre-kunst-ihre-geschichten\/\" href=\"https:\/\/verlorene-generation.com\/en\/product\/wir-werden-euch-nicht-vergessen-die-verlorene-generation-ihre-kunst-ihre-geschichten\/\" target=\"_blank\" rel=\"noreferrer noopener\" aria-label=\"Link HIER\"><strong>HIER<\/strong><\/a><\/span><strong> erh\u00e4ltlich.<\/strong><\/p>","protected":false},"featured_media":0,"template":"","meta":{"_acf_changed":false,"slim_seo":{"title":"B\u00e4umer, Eduard - Museum der verlorenen Generation","description":"Eduard B\u00e4umer wurde 1892 in Kastellaun im Hunsr\u00fcck geboren. Die Familie \u00fcbersiedelte 1895 nach Frankfurt am Main. Nach dem fr\u00fchen Tod des Vaters im Jahr 1904 \u00fcb"}},"categories":[96],"class_list":["post-996","kuenstler","type-kuenstler","status-publish","hentry","category-kuenstler"],"acf":[],"_links":{"self":[{"href":"https:\/\/verlorene-generation.com\/en\/wp-json\/wp\/v2\/kuenstler\/996","targetHints":{"allow":["GET"]}}],"collection":[{"href":"https:\/\/verlorene-generation.com\/en\/wp-json\/wp\/v2\/kuenstler"}],"about":[{"href":"https:\/\/verlorene-generation.com\/en\/wp-json\/wp\/v2\/types\/kuenstler"}],"wp:attachment":[{"href":"https:\/\/verlorene-generation.com\/en\/wp-json\/wp\/v2\/media?parent=996"}],"wp:term":[{"taxonomy":"category","embeddable":true,"href":"https:\/\/verlorene-generation.com\/en\/wp-json\/wp\/v2\/categories?post=996"}],"curies":[{"name":"wp","href":"https:\/\/api.w.org\/{rel}","templated":true}]}}

Bäumer, Eduard

<p>Eduard Bäumer wurde 1892 in Kastellaun im Hunsrück geboren. Die Familie übersiedelte 1895 nach Frankfurt am Main. Nach dem frühen Tod des Vaters im Jahr 1904 übernahm das Waisenhaus in Frankfurt die Vormundschaft für die Kinder. Ab 1906 begann Bäumer, auf Vermittlung des Waisenhauses, eine Lehre bei einem Dekorationsmaler in Frankfurt. Abends besuchte er zusätzlich Kurse an der Kunstgewerbeschule. Dort erhielt er nach seinem Abschluss 1908 ein Stipendium und lernte bei Ludwig Heinrich Jungnickel. 1911 verstarb auch seine Mutter. Anschließend begann Bäumer sein Studium an der Städelschule, das 1914 durch den Ersten Weltkrieg unterbrochen wurde. Nach Kriegsende kehrte er nach Frankfurt am Main zurück und belegte ein Meisteratelier, in dem er seine Studien bis 1922 abschloss. 1923 heiratete er seine jüdische Studienkollegin Valerie Feix. Im Jahr 1924 unternahmen die Bäumers gemeinsam mit Malerfreunden eine Reise nach Italien, die über Florenz, Arezzo, Rom und die Abruzzen führte. In Frankfurt am Main hatte Eduard Bäumer seine erste Ausstellung mit Bildern, die während dieser Reise entstanden. Er knüpfte Bekanntschaften mit Max Beckmann, Paul Hindemith und Georg Swarzenski, dem damaligen Direktor des Städelschen Kunstinstituts. 1927 lernte Bäumer Johannes Itten kennen, mit dem ihn eine lebenslange Freundschaft verband. Im selben Jahr besuchte er dessen Sommerschule im Allgäu sowie die Itten-Schule in Berlin. 1930 unternahm er eine Reise nach Paris, wo er Freundschaften mit Georges Braque, Fernand Léger und Raoul Dufy schloss. Nach der Machtübernahme durch die Nationalsozialisten wurde Bäumers Kunst diffamiert, und die Familie emigrierte nach Salzburg. Er erhielt Berufsverbot, und das Vermögen der Familie wurde 1938 nach dem „Anschluss“ Österreichs eingezogen. Da Bäumer sich nicht von seiner jüdischen Frau trennen wollte, wurden beide ab 1943 zur Zwangsarbeit verpflichtet. Noch im Jahr 1942 fand Bäumers erste große Ausstellung in Wien bei der Galerie Würthle statt. 1944 musste die Familie aus Salzburg fliehen.</p>
<p><strong>Weiterführende Informationen finden Sie in unserem Sammlungskatalog „Wir werden euch nicht Vergessen. Die Verlorene Generation. Ihre Kunst. Ihre Geschichten“. Dieser ist </strong><span style="color: #33cccc;"><a id="menur4r4" class="fui-Link ___1q1shib f2hkw1w f3rmtva f1ewtqcl fyind8e f1k6fduh f1w7gpdv fk6fouc fjoy568 figsok6 f1s184ao f1mk8lai fnbmjn9 f1o700av f13mvf36 f1cmlufx f9n3di6 f1ids18y f1tx3yz7 f1deo86v f1eh06m1 f1iescvh fhgqx19 f1olyrje f1p93eir f1nev41a f1h8hb77 f1lqvz6u f10aw75t fsle3fq f17ae5zn" style="color: #33cccc;" title="https://verlorene-generation.com/produkt/wir-werden-euch-nicht-vergessen-die-verlorene-generation-ihre-kunst-ihre-geschichten/" href="https://verlorene-generation.com/en/product/wir-werden-euch-nicht-vergessen-die-verlorene-generation-ihre-kunst-ihre-geschichten/" target="_blank" rel="noreferrer noopener" aria-label="Link HIER"><strong>HIER</strong></a></span><strong> erhältlich.</strong></p>

Bäumer, Eduard - Museum der verlorenen Generation

Eduard Bäumer wurde 1892 in Kastellaun im Hunsrück geboren. Die Familie übersiedelte 1895 nach Frankfurt am Main. Nach dem frühen Tod des Vaters im Jahr 1904 üb
