{"id":815,"date":"2025-11-06T15:12:28","date_gmt":"2025-11-06T15:12:28","guid":{"rendered":"https:\/\/verlorene-generation.com\/?post_type=product&#038;p=815"},"modified":"2026-02-06T10:10:48","modified_gmt":"2026-02-06T09:10:48","slug":"plakat-gross-zur-falschen-zeit-am-falschen-ort","status":"publish","type":"product","link":"https:\/\/verlorene-generation.com\/en\/product\/plakat-gross-zur-falschen-zeit-am-falschen-ort\/","title":{"rendered":"Plakat Gro\u00df - Zur falschen Zeit am falschen Ort"},"content":{"rendered":"<p><strong>Ausstellungsplakat: <\/strong><a href=\"https:\/\/verlorene-generation.com\/en\/ausstellung\/zur-falschen-zeit-am-falschen-ort\/\">Zur falschen Zeit am falschen Ort. Sammlung B\u00f6hme<\/a><\/p>\n<p><strong>Ausstellungszeitraum:<\/strong> 30. Juli 2020 \u2013 15. Juni 2021<\/p>\n<p><strong>Produktma\u00dfe:<\/strong> A1 59,4 cm x 84,1 cm<\/p>\n<p><strong>Motiv:<\/strong> <a href=\"https:\/\/verlorene-generation.com\/en\/kuenstler\/reinhold-ewald\/\">Reinhold Ewald (1890-1974)<\/a>: <a href=\"https:\/\/verlorene-generation.com\/en\/werke\/der-regentag-von-reinhold-ewald\/\">Der Regentag<\/a>, 1916, \u00d6l auf Leinwand, 102 x 75 cm<\/p>\n<p><strong>Foto:<\/strong> Hubert Auer<\/p>\n<p>\u00a9 Reinhold Ewald<\/p>\n<p>&nbsp;<\/p>\n<p>&nbsp;<\/p>","protected":false},"excerpt":{"rendered":"<p><strong>Ausstellungsplakat Gro\u00df - A1<\/strong><br \/>\n<a href=\"https:\/\/verlorene-generation.com\/en\/ausstellung\/zur-falschen-zeit-am-falschen-ort\/\">Zur falschen Zeit am falschen Ort. Sammlung B\u00f6hme<\/a><br \/>\n30. Juli 2020 \u2013 15. Juni 2021<\/p>","protected":false},"featured_media":866,"template":"","meta":{"_acf_changed":false,"slim_seo":{"title":"Plakat Gro\u00df - Zur falschen Zeit am falschen Ort - Museum der verlorenen Generation","description":"Ausstellungsplakat Gro\u00df - A1 Zur falschen Zeit am falschen Ort. Sammlung B\u00f6hme 30. Juli 2020 \u2013 15. Juni 2021"}},"product_brand":[],"product_cat":[121],"product_tag":[],"class_list":{"0":"post-815","1":"product","2":"type-product","3":"status-publish","4":"has-post-thumbnail","6":"product_cat-plakate","7":"product_shipping_class-poster-gross","9":"first","10":"instock","11":"taxable","12":"shipping-taxable","13":"purchasable","14":"product-type-simple"},"acf":[],"_links":{"self":[{"href":"https:\/\/verlorene-generation.com\/en\/wp-json\/wp\/v2\/product\/815","targetHints":{"allow":["GET"]}}],"collection":[{"href":"https:\/\/verlorene-generation.com\/en\/wp-json\/wp\/v2\/product"}],"about":[{"href":"https:\/\/verlorene-generation.com\/en\/wp-json\/wp\/v2\/types\/product"}],"wp:featuredmedia":[{"embeddable":true,"href":"https:\/\/verlorene-generation.com\/en\/wp-json\/wp\/v2\/media\/866"}],"wp:attachment":[{"href":"https:\/\/verlorene-generation.com\/en\/wp-json\/wp\/v2\/media?parent=815"}],"wp:term":[{"taxonomy":"product_brand","embeddable":true,"href":"https:\/\/verlorene-generation.com\/en\/wp-json\/wp\/v2\/product_brand?post=815"},{"taxonomy":"product_cat","embeddable":true,"href":"https:\/\/verlorene-generation.com\/en\/wp-json\/wp\/v2\/product_cat?post=815"},{"taxonomy":"product_tag","embeddable":true,"href":"https:\/\/verlorene-generation.com\/en\/wp-json\/wp\/v2\/product_tag?post=815"}],"curies":[{"name":"wp","href":"https:\/\/api.w.org\/{rel}","templated":true}]}}

Plakat Groß - Zur falschen Zeit am falschen Ort

<p><strong>Ausstellungsplakat: </strong><a href="https://verlorene-generation.com/en/ausstellung/zur-falschen-zeit-am-falschen-ort/">Zur falschen Zeit am falschen Ort. Sammlung Böhme</a></p>
<p><strong>Ausstellungszeitraum:</strong> 30. Juli 2020 – 15. Juni 2021</p>
<p><strong>Produktmaße:</strong> A1 59,4 cm x 84,1 cm</p>
<p><strong>Motiv:</strong> <a href="https://verlorene-generation.com/en/kuenstler/reinhold-ewald/">Reinhold Ewald (1890-1974)</a>: <a href="https://verlorene-generation.com/en/werke/der-regentag-von-reinhold-ewald/">Der Regentag</a>, 1916, Öl auf Leinwand, 102 x 75 cm</p>
<p><strong>Foto:</strong> Hubert Auer</p>
<p>© Reinhold Ewald</p>
<p>&nbsp;</p>
<p>&nbsp;</p>

<p><strong>Ausstellungsplakat Groß - A1</strong><br />
<a href="https://verlorene-generation.com/en/ausstellung/zur-falschen-zeit-am-falschen-ort/">Zur falschen Zeit am falschen Ort. Sammlung Böhme</a><br />
30. Juli 2020 – 15. Juni 2021</p>

Plakat Groß - Zur falschen Zeit am falschen Ort - Museum der verlorenen Generation

Ausstellungsplakat Groß - A1 Zur falschen Zeit am falschen Ort. Sammlung Böhme 30. Juli 2020 – 15. Juni 2021
